{"id":16442,"date":"2023-08-28T15:37:57","date_gmt":"2023-08-28T15:37:57","guid":{"rendered":"http:\/\/www.isgurun.com\/index.php\/product\/turuncu-reflektorlu-muhendis-yelegi\/"},"modified":"2025-02-04T18:37:57","modified_gmt":"2025-02-04T18:37:57","slug":"turuncu-reflektorlu-muhendis-yelegi","status":"publish","type":"product","link":"http:\/\/www.isgurun.com\/index.php\/product\/turuncu-reflektorlu-muhendis-yelegi\/","title":{"rendered":"Turuncu Reflekt\u00f6rl\u00fc M\u00fchendis Yele\u011fi"},"content":{"rendered":"<p>M\u00fchendis Yele\u011fi Reflektif Turuncu M\u00fchendis Yele\u011fi en iyi fiyatla Mevsimceisg.com&#8217;dan sat\u0131n al\u0131n! \u015eimdi indirimli fiyatla online sipari\u015f verin, Turuncu M\u00fchendis Yele\u011fi aya\u011f\u0131n\u0131za gelsin!<\/p>\n<p> \u0130kaz Yelekleri<br \/>\n Firmam\u0131z her sekt\u00f6re g\u00f6re de\u011fi\u015fen uygun mod<\/p>\n","protected":false},"excerpt":{"rendered":"<p>M\u00fchendis Yele\u011fi Reflektif Turuncu M\u00fchendis Yele\u011fi en iyi fiyatla Mevsimceisg.com&#8217;dan sat\u0131n al\u0131n! \u015eimdi indirimli fiyatla online sipari\u015f verin, Turuncu M\u00fchendis Yele\u011fi aya\u011f\u0131n\u0131za gelsin! \u0130kaz Yelekleri Firmam\u0131z her sekt\u00f6re g\u00f6re de\u011fi\u015fen uygun mod<\/p>\n","protected":false},"featured_media":15256,"template":"","meta":[],"product_brand":[],"product_cat":[93],"product_tag":[],"class_list":{"0":"post-16442","1":"product","2":"type-product","3":"status-publish","4":"has-post-thumbnail","6":"product_cat-muhendis-yelekleri","8":"first","9":"instock","10":"shipping-taxable","11":"product-type-simple"},"yoast_head":"<!-- This site is optimized with the Yoast SEO plugin v26.0 - https:\/\/yoast.com\/wordpress\/plugins\/seo\/ -->\n<title>Turuncu Reflekt\u00f6rl\u00fc M\u00fchendis Yele\u011fi -<\/title>\n<meta name=\"robots\" content=\"index, follow, max-snippet:-1, max-image-preview:large, max-video-preview:-1\" \/>\n<link rel=\"canonical\" href=\"http:\/\/www.isgurun.com\/index.php\/product\/turuncu-reflektorlu-muhendis-yelegi\/\" \/>\n<meta property=\"og:locale\" content=\"tr_TR\" \/>\n<meta property=\"og:type\" content=\"article\" \/>\n<meta property=\"og:title\" content=\"Turuncu Reflekt\u00f6rl\u00fc M\u00fchendis Yele\u011fi -\" \/>\n<meta property=\"og:description\" content=\"M\u00fchendis Yele\u011fi Reflektif Turuncu M\u00fchendis Yele\u011fi en iyi fiyatla Mevsimceisg.com&#8217;dan sat\u0131n al\u0131n! \u015eimdi indirimli fiyatla online sipari\u015f verin, Turuncu M\u00fchendis Yele\u011fi aya\u011f\u0131n\u0131za gelsin! \u0130kaz Yelekleri Firmam\u0131z her sekt\u00f6re g\u00f6re de\u011fi\u015fen uygun mod\" \/>\n<meta property=\"og:url\" content=\"http:\/\/www.isgurun.com\/index.php\/product\/turuncu-reflektorlu-muhendis-yelegi\/\" \/>\n<meta property=\"article:modified_time\" content=\"2025-02-04T18:37:57+00:00\" \/>\n<meta property=\"og:image\" content=\"http:\/\/www.isgurun.com\/wp-content\/uploads\/2023\/08\/muhendis-turuncu.jpg\" \/>\n\t<meta property=\"og:image:width\" content=\"1160\" \/>\n\t<meta property=\"og:image:height\" content=\"827\" \/>\n\t<meta property=\"og:image:type\" content=\"image\/jpeg\" \/>\n<meta name=\"twitter:card\" content=\"summary_large_image\" \/>\n<script type=\"application\/ld+json\" class=\"yoast-schema-graph\">{\"@context\":\"https:\/\/schema.org\",\"@graph\":[{\"@type\":\"WebPage\",\"@id\":\"http:\/\/www.isgurun.com\/index.php\/product\/turuncu-reflektorlu-muhendis-yelegi\/\",\"url\":\"http:\/\/www.isgurun.com\/index.php\/product\/turuncu-reflektorlu-muhendis-yelegi\/\",\"name\":\"Turuncu Reflekt\u00f6rl\u00fc M\u00fchendis Yele\u011fi -\",\"isPartOf\":{\"@id\":\"https:\/\/www.isgurun.com\/#website\"},\"primaryImageOfPage\":{\"@id\":\"http:\/\/www.isgurun.com\/index.php\/product\/turuncu-reflektorlu-muhendis-yelegi\/#primaryimage\"},\"image\":{\"@id\":\"http:\/\/www.isgurun.com\/index.php\/product\/turuncu-reflektorlu-muhendis-yelegi\/#primaryimage\"},\"thumbnailUrl\":\"http:\/\/www.isgurun.com\/wp-content\/uploads\/2023\/08\/muhendis-turuncu.jpg\",\"datePublished\":\"2023-08-28T15:37:57+00:00\",\"dateModified\":\"2025-02-04T18:37:57+00:00\",\"breadcrumb\":{\"@id\":\"http:\/\/www.isgurun.com\/index.php\/product\/turuncu-reflektorlu-muhendis-yelegi\/#breadcrumb\"},\"inLanguage\":\"tr\",\"potentialAction\":[{\"@type\":\"ReadAction\",\"target\":[\"http:\/\/www.isgurun.com\/index.php\/product\/turuncu-reflektorlu-muhendis-yelegi\/\"]}]},{\"@type\":\"ImageObject\",\"inLanguage\":\"tr\",\"@id\":\"http:\/\/www.isgurun.com\/index.php\/product\/turuncu-reflektorlu-muhendis-yelegi\/#primaryimage\",\"url\":\"http:\/\/www.isgurun.com\/wp-content\/uploads\/2023\/08\/muhendis-turuncu.jpg\",\"contentUrl\":\"http:\/\/www.isgurun.com\/wp-content\/uploads\/2023\/08\/muhendis-turuncu.jpg\",\"width\":1160,\"height\":827},{\"@type\":\"BreadcrumbList\",\"@id\":\"http:\/\/www.isgurun.com\/index.php\/product\/turuncu-reflektorlu-muhendis-yelegi\/#breadcrumb\",\"itemListElement\":[{\"@type\":\"ListItem\",\"position\":1,\"name\":\"Anasayfa\",\"item\":\"https:\/\/www.isgurun.com\/\"},{\"@type\":\"ListItem\",\"position\":2,\"name\":\"Shop\",\"item\":\"http:\/\/www.isgurun.com\/index.php\/shop\/\"},{\"@type\":\"ListItem\",\"position\":3,\"name\":\"Turuncu Reflekt\u00f6rl\u00fc M\u00fchendis Yele\u011fi\"}]},{\"@type\":\"WebSite\",\"@id\":\"https:\/\/www.isgurun.com\/#website\",\"url\":\"https:\/\/www.isgurun.com\/\",\"name\":\"https:\/\/www.isgurun.com\",\"description\":\"\",\"publisher\":{\"@id\":\"https:\/\/www.isgurun.com\/#organization\"},\"potentialAction\":[{\"@type\":\"SearchAction\",\"target\":{\"@type\":\"EntryPoint\",\"urlTemplate\":\"https:\/\/www.isgurun.com\/?s={search_term_string}\"},\"query-input\":{\"@type\":\"PropertyValueSpecification\",\"valueRequired\":true,\"valueName\":\"search_term_string\"}}],\"inLanguage\":\"tr\"},{\"@type\":\"Organization\",\"@id\":\"https:\/\/www.isgurun.com\/#organization\",\"name\":\"Kurulu\u015f \u0130\u015f Elbiseleri\",\"alternateName\":\"K\u0130E\",\"url\":\"https:\/\/www.isgurun.com\/\",\"logo\":{\"@type\":\"ImageObject\",\"inLanguage\":\"tr\",\"@id\":\"https:\/\/www.isgurun.com\/#\/schema\/logo\/image\/\",\"url\":\"http:\/\/www.isgurun.com\/wp-content\/uploads\/2025\/01\/cropped-Artboard-1-5.png\",\"contentUrl\":\"http:\/\/www.isgurun.com\/wp-content\/uploads\/2025\/01\/cropped-Artboard-1-5.png\",\"width\":783,\"height\":636,\"caption\":\"Kurulu\u015f \u0130\u015f Elbiseleri\"},\"image\":{\"@id\":\"https:\/\/www.isgurun.com\/#\/schema\/logo\/image\/\"}}]}<\/script>\n<!-- \/ Yoast SEO plugin. -->","yoast_head_json":{"title":"Turuncu Reflekt\u00f6rl\u00fc M\u00fchendis Yele\u011fi -","robots":{"index":"index","follow":"follow","max-snippet":"max-snippet:-1","max-image-preview":"max-image-preview:large","max-video-preview":"max-video-preview:-1"},"canonical":"http:\/\/www.isgurun.com\/index.php\/product\/turuncu-reflektorlu-muhendis-yelegi\/","og_locale":"tr_TR","og_type":"article","og_title":"Turuncu Reflekt\u00f6rl\u00fc M\u00fchendis Yele\u011fi -","og_description":"M\u00fchendis Yele\u011fi Reflektif Turuncu M\u00fchendis Yele\u011fi en iyi fiyatla Mevsimceisg.com&#8217;dan sat\u0131n al\u0131n! \u015eimdi indirimli fiyatla online sipari\u015f verin, Turuncu M\u00fchendis Yele\u011fi aya\u011f\u0131n\u0131za gelsin! \u0130kaz Yelekleri Firmam\u0131z her sekt\u00f6re g\u00f6re de\u011fi\u015fen uygun mod","og_url":"http:\/\/www.isgurun.com\/index.php\/product\/turuncu-reflektorlu-muhendis-yelegi\/","article_modified_time":"2025-02-04T18:37:57+00:00","og_image":[{"width":1160,"height":827,"url":"http:\/\/www.isgurun.com\/wp-content\/uploads\/2023\/08\/muhendis-turuncu.jpg","type":"image\/jpeg"}],"twitter_card":"summary_large_image","schema":{"@context":"https:\/\/schema.org","@graph":[{"@type":"WebPage","@id":"http:\/\/www.isgurun.com\/index.php\/product\/turuncu-reflektorlu-muhendis-yelegi\/","url":"http:\/\/www.isgurun.com\/index.php\/product\/turuncu-reflektorlu-muhendis-yelegi\/","name":"Turuncu Reflekt\u00f6rl\u00fc M\u00fchendis Yele\u011fi -","isPartOf":{"@id":"https:\/\/www.isgurun.com\/#website"},"primaryImageOfPage":{"@id":"http:\/\/www.isgurun.com\/index.php\/product\/turuncu-reflektorlu-muhendis-yelegi\/#primaryimage"},"image":{"@id":"http:\/\/www.isgurun.com\/index.php\/product\/turuncu-reflektorlu-muhendis-yelegi\/#primaryimage"},"thumbnailUrl":"http:\/\/www.isgurun.com\/wp-content\/uploads\/2023\/08\/muhendis-turuncu.jpg","datePublished":"2023-08-28T15:37:57+00:00","dateModified":"2025-02-04T18:37:57+00:00","breadcrumb":{"@id":"http:\/\/www.isgurun.com\/index.php\/product\/turuncu-reflektorlu-muhendis-yelegi\/#breadcrumb"},"inLanguage":"tr","potentialAction":[{"@type":"ReadAction","target":["http:\/\/www.isgurun.com\/index.php\/product\/turuncu-reflektorlu-muhendis-yelegi\/"]}]},{"@type":"ImageObject","inLanguage":"tr","@id":"http:\/\/www.isgurun.com\/index.php\/product\/turuncu-reflektorlu-muhendis-yelegi\/#primaryimage","url":"http:\/\/www.isgurun.com\/wp-content\/uploads\/2023\/08\/muhendis-turuncu.jpg","contentUrl":"http:\/\/www.isgurun.com\/wp-content\/uploads\/2023\/08\/muhendis-turuncu.jpg","width":1160,"height":827},{"@type":"BreadcrumbList","@id":"http:\/\/www.isgurun.com\/index.php\/product\/turuncu-reflektorlu-muhendis-yelegi\/#breadcrumb","itemListElement":[{"@type":"ListItem","position":1,"name":"Anasayfa","item":"https:\/\/www.isgurun.com\/"},{"@type":"ListItem","position":2,"name":"Shop","item":"http:\/\/www.isgurun.com\/index.php\/shop\/"},{"@type":"ListItem","position":3,"name":"Turuncu Reflekt\u00f6rl\u00fc M\u00fchendis Yele\u011fi"}]},{"@type":"WebSite","@id":"https:\/\/www.isgurun.com\/#website","url":"https:\/\/www.isgurun.com\/","name":"https:\/\/www.isgurun.com","description":"","publisher":{"@id":"https:\/\/www.isgurun.com\/#organization"},"potentialAction":[{"@type":"SearchAction","target":{"@type":"EntryPoint","urlTemplate":"https:\/\/www.isgurun.com\/?s={search_term_string}"},"query-input":{"@type":"PropertyValueSpecification","valueRequired":true,"valueName":"search_term_string"}}],"inLanguage":"tr"},{"@type":"Organization","@id":"https:\/\/www.isgurun.com\/#organization","name":"Kurulu\u015f \u0130\u015f Elbiseleri","alternateName":"K\u0130E","url":"https:\/\/www.isgurun.com\/","logo":{"@type":"ImageObject","inLanguage":"tr","@id":"https:\/\/www.isgurun.com\/#\/schema\/logo\/image\/","url":"http:\/\/www.isgurun.com\/wp-content\/uploads\/2025\/01\/cropped-Artboard-1-5.png","contentUrl":"http:\/\/www.isgurun.com\/wp-content\/uploads\/2025\/01\/cropped-Artboard-1-5.png","width":783,"height":636,"caption":"Kurulu\u015f \u0130\u015f Elbiseleri"},"image":{"@id":"https:\/\/www.isgurun.com\/#\/schema\/logo\/image\/"}}]}},"_links":{"self":[{"href":"http:\/\/www.isgurun.com\/index.php\/wp-json\/wp\/v2\/product\/16442","targetHints":{"allow":["GET"]}}],"collection":[{"href":"http:\/\/www.isgurun.com\/index.php\/wp-json\/wp\/v2\/product"}],"about":[{"href":"http:\/\/www.isgurun.com\/index.php\/wp-json\/wp\/v2\/types\/product"}],"version-history":[{"count":1,"href":"http:\/\/www.isgurun.com\/index.php\/wp-json\/wp\/v2\/product\/16442\/revisions"}],"predecessor-version":[{"id":17237,"href":"http:\/\/www.isgurun.com\/index.php\/wp-json\/wp\/v2\/product\/16442\/revisions\/17237"}],"wp:featuredmedia":[{"embeddable":true,"href":"http:\/\/www.isgurun.com\/index.php\/wp-json\/wp\/v2\/media\/15256"}],"wp:attachment":[{"href":"http:\/\/www.isgurun.com\/index.php\/wp-json\/wp\/v2\/media?parent=16442"}],"wp:term":[{"taxonomy":"product_brand","embeddable":true,"href":"http:\/\/www.isgurun.com\/index.php\/wp-json\/wp\/v2\/product_brand?post=16442"},{"taxonomy":"product_cat","embeddable":true,"href":"http:\/\/www.isgurun.com\/index.php\/wp-json\/wp\/v2\/product_cat?post=16442"},{"taxonomy":"product_tag","embeddable":true,"href":"http:\/\/www.isgurun.com\/index.php\/wp-json\/wp\/v2\/product_tag?post=16442"}],"curies":[{"name":"wp","href":"https:\/\/api.w.org\/{rel}","templated":true}]}}