{"id":16611,"date":"2023-08-28T15:48:27","date_gmt":"2023-08-28T15:48:27","guid":{"rendered":"http:\/\/www.isgurun.com\/index.php\/product\/sekiz-8-levhasi\/"},"modified":"2023-09-12T21:49:42","modified_gmt":"2023-09-12T21:49:42","slug":"sekiz-8-levhasi","status":"publish","type":"product","link":"http:\/\/www.isgurun.com\/index.php\/product\/sekiz-8-levhasi\/","title":{"rendered":"Sekiz (8) Levhas\u0131"},"content":{"rendered":"<p>Sekiz (8) Levhas\u0131 uygun fiyat ve indirim f\u0131rsatlar\u0131yla Mevsimceisg.com da. T\u0131kla, en ucuz A Harfi Levhas\u0131 aya\u011f\u0131na gelsin.G\u00fcvenli al\u0131\u015fveri\u015fin adresi<\/p>\n<p> \u00dcr\u00fcn\u00fcn ilk a\u00e7\u0131l\u0131\u015fta verilen fiyat\u0131, 15 x 15 cm Dekota Levha fiyat\u0131d\u0131r. Farkl\u0131 ebat, malzeme ve fiyat se\u00e7i<\/p>\n","protected":false},"excerpt":{"rendered":"<p>Sekiz (8) Levhas\u0131 uygun fiyat ve indirim f\u0131rsatlar\u0131yla Mevsimceisg.com da. T\u0131kla, en ucuz A Harfi Levhas\u0131 aya\u011f\u0131na gelsin.G\u00fcvenli al\u0131\u015fveri\u015fin adresi \u00dcr\u00fcn\u00fcn ilk a\u00e7\u0131l\u0131\u015fta verilen fiyat\u0131, 15 x 15 cm Dekota Levha fiyat\u0131d\u0131r. Farkl\u0131 ebat, malzeme ve fiyat se\u00e7i<\/p>\n","protected":false},"featured_media":15592,"template":"","meta":[],"product_brand":[],"product_cat":[52,46],"product_tag":[],"class_list":{"0":"post-16611","1":"product","2":"type-product","3":"status-publish","4":"has-post-thumbnail","6":"product_cat-fosforlu-levhalar","7":"product_cat-trafik-urunleri","9":"first","10":"instock","11":"shipping-taxable","12":"product-type-simple"},"yoast_head":"<!-- This site is optimized with the Yoast SEO plugin v26.0 - https:\/\/yoast.com\/wordpress\/plugins\/seo\/ -->\n<title>Sekiz (8) Levhas\u0131 -<\/title>\n<meta name=\"robots\" content=\"index, follow, max-snippet:-1, max-image-preview:large, max-video-preview:-1\" \/>\n<link rel=\"canonical\" href=\"http:\/\/www.isgurun.com\/index.php\/product\/sekiz-8-levhasi\/\" \/>\n<meta property=\"og:locale\" content=\"tr_TR\" \/>\n<meta property=\"og:type\" content=\"article\" \/>\n<meta property=\"og:title\" content=\"Sekiz (8) Levhas\u0131 -\" \/>\n<meta property=\"og:description\" content=\"Sekiz (8) Levhas\u0131 uygun fiyat ve indirim f\u0131rsatlar\u0131yla Mevsimceisg.com da. T\u0131kla, en ucuz A Harfi Levhas\u0131 aya\u011f\u0131na gelsin.G\u00fcvenli al\u0131\u015fveri\u015fin adresi \u00dcr\u00fcn\u00fcn ilk a\u00e7\u0131l\u0131\u015fta verilen fiyat\u0131, 15 x 15 cm Dekota Levha fiyat\u0131d\u0131r. Farkl\u0131 ebat, malzeme ve fiyat se\u00e7i\" \/>\n<meta property=\"og:url\" content=\"http:\/\/www.isgurun.com\/index.php\/product\/sekiz-8-levhasi\/\" \/>\n<meta property=\"article:modified_time\" content=\"2023-09-12T21:49:42+00:00\" \/>\n<meta property=\"og:image\" content=\"http:\/\/www.isgurun.com\/wp-content\/uploads\/2023\/08\/8-levhasi.jpg\" \/>\n\t<meta property=\"og:image:width\" content=\"277\" \/>\n\t<meta property=\"og:image:height\" content=\"360\" \/>\n\t<meta property=\"og:image:type\" content=\"image\/jpeg\" \/>\n<meta name=\"twitter:card\" content=\"summary_large_image\" \/>\n<script type=\"application\/ld+json\" class=\"yoast-schema-graph\">{\"@context\":\"https:\/\/schema.org\",\"@graph\":[{\"@type\":\"WebPage\",\"@id\":\"http:\/\/www.isgurun.com\/index.php\/product\/sekiz-8-levhasi\/\",\"url\":\"http:\/\/www.isgurun.com\/index.php\/product\/sekiz-8-levhasi\/\",\"name\":\"Sekiz (8) Levhas\u0131 -\",\"isPartOf\":{\"@id\":\"https:\/\/www.isgurun.com\/#website\"},\"primaryImageOfPage\":{\"@id\":\"http:\/\/www.isgurun.com\/index.php\/product\/sekiz-8-levhasi\/#primaryimage\"},\"image\":{\"@id\":\"http:\/\/www.isgurun.com\/index.php\/product\/sekiz-8-levhasi\/#primaryimage\"},\"thumbnailUrl\":\"http:\/\/www.isgurun.com\/wp-content\/uploads\/2023\/08\/8-levhasi.jpg\",\"datePublished\":\"2023-08-28T15:48:27+00:00\",\"dateModified\":\"2023-09-12T21:49:42+00:00\",\"breadcrumb\":{\"@id\":\"http:\/\/www.isgurun.com\/index.php\/product\/sekiz-8-levhasi\/#breadcrumb\"},\"inLanguage\":\"tr\",\"potentialAction\":[{\"@type\":\"ReadAction\",\"target\":[\"http:\/\/www.isgurun.com\/index.php\/product\/sekiz-8-levhasi\/\"]}]},{\"@type\":\"ImageObject\",\"inLanguage\":\"tr\",\"@id\":\"http:\/\/www.isgurun.com\/index.php\/product\/sekiz-8-levhasi\/#primaryimage\",\"url\":\"http:\/\/www.isgurun.com\/wp-content\/uploads\/2023\/08\/8-levhasi.jpg\",\"contentUrl\":\"http:\/\/www.isgurun.com\/wp-content\/uploads\/2023\/08\/8-levhasi.jpg\",\"width\":277,\"height\":360},{\"@type\":\"BreadcrumbList\",\"@id\":\"http:\/\/www.isgurun.com\/index.php\/product\/sekiz-8-levhasi\/#breadcrumb\",\"itemListElement\":[{\"@type\":\"ListItem\",\"position\":1,\"name\":\"Anasayfa\",\"item\":\"https:\/\/www.isgurun.com\/\"},{\"@type\":\"ListItem\",\"position\":2,\"name\":\"Shop\",\"item\":\"http:\/\/www.isgurun.com\/index.php\/shop\/\"},{\"@type\":\"ListItem\",\"position\":3,\"name\":\"Sekiz (8) Levhas\u0131\"}]},{\"@type\":\"WebSite\",\"@id\":\"https:\/\/www.isgurun.com\/#website\",\"url\":\"https:\/\/www.isgurun.com\/\",\"name\":\"https:\/\/www.isgurun.com\",\"description\":\"\",\"publisher\":{\"@id\":\"https:\/\/www.isgurun.com\/#organization\"},\"potentialAction\":[{\"@type\":\"SearchAction\",\"target\":{\"@type\":\"EntryPoint\",\"urlTemplate\":\"https:\/\/www.isgurun.com\/?s={search_term_string}\"},\"query-input\":{\"@type\":\"PropertyValueSpecification\",\"valueRequired\":true,\"valueName\":\"search_term_string\"}}],\"inLanguage\":\"tr\"},{\"@type\":\"Organization\",\"@id\":\"https:\/\/www.isgurun.com\/#organization\",\"name\":\"Kurulu\u015f \u0130\u015f Elbiseleri\",\"alternateName\":\"K\u0130E\",\"url\":\"https:\/\/www.isgurun.com\/\",\"logo\":{\"@type\":\"ImageObject\",\"inLanguage\":\"tr\",\"@id\":\"https:\/\/www.isgurun.com\/#\/schema\/logo\/image\/\",\"url\":\"http:\/\/www.isgurun.com\/wp-content\/uploads\/2025\/01\/cropped-Artboard-1-5.png\",\"contentUrl\":\"http:\/\/www.isgurun.com\/wp-content\/uploads\/2025\/01\/cropped-Artboard-1-5.png\",\"width\":783,\"height\":636,\"caption\":\"Kurulu\u015f \u0130\u015f Elbiseleri\"},\"image\":{\"@id\":\"https:\/\/www.isgurun.com\/#\/schema\/logo\/image\/\"}}]}<\/script>\n<!-- \/ Yoast SEO plugin. -->","yoast_head_json":{"title":"Sekiz (8) Levhas\u0131 -","robots":{"index":"index","follow":"follow","max-snippet":"max-snippet:-1","max-image-preview":"max-image-preview:large","max-video-preview":"max-video-preview:-1"},"canonical":"http:\/\/www.isgurun.com\/index.php\/product\/sekiz-8-levhasi\/","og_locale":"tr_TR","og_type":"article","og_title":"Sekiz (8) Levhas\u0131 -","og_description":"Sekiz (8) Levhas\u0131 uygun fiyat ve indirim f\u0131rsatlar\u0131yla Mevsimceisg.com da. T\u0131kla, en ucuz A Harfi Levhas\u0131 aya\u011f\u0131na gelsin.G\u00fcvenli al\u0131\u015fveri\u015fin adresi \u00dcr\u00fcn\u00fcn ilk a\u00e7\u0131l\u0131\u015fta verilen fiyat\u0131, 15 x 15 cm Dekota Levha fiyat\u0131d\u0131r. Farkl\u0131 ebat, malzeme ve fiyat se\u00e7i","og_url":"http:\/\/www.isgurun.com\/index.php\/product\/sekiz-8-levhasi\/","article_modified_time":"2023-09-12T21:49:42+00:00","og_image":[{"width":277,"height":360,"url":"http:\/\/www.isgurun.com\/wp-content\/uploads\/2023\/08\/8-levhasi.jpg","type":"image\/jpeg"}],"twitter_card":"summary_large_image","schema":{"@context":"https:\/\/schema.org","@graph":[{"@type":"WebPage","@id":"http:\/\/www.isgurun.com\/index.php\/product\/sekiz-8-levhasi\/","url":"http:\/\/www.isgurun.com\/index.php\/product\/sekiz-8-levhasi\/","name":"Sekiz (8) Levhas\u0131 -","isPartOf":{"@id":"https:\/\/www.isgurun.com\/#website"},"primaryImageOfPage":{"@id":"http:\/\/www.isgurun.com\/index.php\/product\/sekiz-8-levhasi\/#primaryimage"},"image":{"@id":"http:\/\/www.isgurun.com\/index.php\/product\/sekiz-8-levhasi\/#primaryimage"},"thumbnailUrl":"http:\/\/www.isgurun.com\/wp-content\/uploads\/2023\/08\/8-levhasi.jpg","datePublished":"2023-08-28T15:48:27+00:00","dateModified":"2023-09-12T21:49:42+00:00","breadcrumb":{"@id":"http:\/\/www.isgurun.com\/index.php\/product\/sekiz-8-levhasi\/#breadcrumb"},"inLanguage":"tr","potentialAction":[{"@type":"ReadAction","target":["http:\/\/www.isgurun.com\/index.php\/product\/sekiz-8-levhasi\/"]}]},{"@type":"ImageObject","inLanguage":"tr","@id":"http:\/\/www.isgurun.com\/index.php\/product\/sekiz-8-levhasi\/#primaryimage","url":"http:\/\/www.isgurun.com\/wp-content\/uploads\/2023\/08\/8-levhasi.jpg","contentUrl":"http:\/\/www.isgurun.com\/wp-content\/uploads\/2023\/08\/8-levhasi.jpg","width":277,"height":360},{"@type":"BreadcrumbList","@id":"http:\/\/www.isgurun.com\/index.php\/product\/sekiz-8-levhasi\/#breadcrumb","itemListElement":[{"@type":"ListItem","position":1,"name":"Anasayfa","item":"https:\/\/www.isgurun.com\/"},{"@type":"ListItem","position":2,"name":"Shop","item":"http:\/\/www.isgurun.com\/index.php\/shop\/"},{"@type":"ListItem","position":3,"name":"Sekiz (8) Levhas\u0131"}]},{"@type":"WebSite","@id":"https:\/\/www.isgurun.com\/#website","url":"https:\/\/www.isgurun.com\/","name":"https:\/\/www.isgurun.com","description":"","publisher":{"@id":"https:\/\/www.isgurun.com\/#organization"},"potentialAction":[{"@type":"SearchAction","target":{"@type":"EntryPoint","urlTemplate":"https:\/\/www.isgurun.com\/?s={search_term_string}"},"query-input":{"@type":"PropertyValueSpecification","valueRequired":true,"valueName":"search_term_string"}}],"inLanguage":"tr"},{"@type":"Organization","@id":"https:\/\/www.isgurun.com\/#organization","name":"Kurulu\u015f \u0130\u015f Elbiseleri","alternateName":"K\u0130E","url":"https:\/\/www.isgurun.com\/","logo":{"@type":"ImageObject","inLanguage":"tr","@id":"https:\/\/www.isgurun.com\/#\/schema\/logo\/image\/","url":"http:\/\/www.isgurun.com\/wp-content\/uploads\/2025\/01\/cropped-Artboard-1-5.png","contentUrl":"http:\/\/www.isgurun.com\/wp-content\/uploads\/2025\/01\/cropped-Artboard-1-5.png","width":783,"height":636,"caption":"Kurulu\u015f \u0130\u015f Elbiseleri"},"image":{"@id":"https:\/\/www.isgurun.com\/#\/schema\/logo\/image\/"}}]}},"_links":{"self":[{"href":"http:\/\/www.isgurun.com\/index.php\/wp-json\/wp\/v2\/product\/16611","targetHints":{"allow":["GET"]}}],"collection":[{"href":"http:\/\/www.isgurun.com\/index.php\/wp-json\/wp\/v2\/product"}],"about":[{"href":"http:\/\/www.isgurun.com\/index.php\/wp-json\/wp\/v2\/types\/product"}],"version-history":[{"count":1,"href":"http:\/\/www.isgurun.com\/index.php\/wp-json\/wp\/v2\/product\/16611\/revisions"}],"predecessor-version":[{"id":17076,"href":"http:\/\/www.isgurun.com\/index.php\/wp-json\/wp\/v2\/product\/16611\/revisions\/17076"}],"wp:featuredmedia":[{"embeddable":true,"href":"http:\/\/www.isgurun.com\/index.php\/wp-json\/wp\/v2\/media\/15592"}],"wp:attachment":[{"href":"http:\/\/www.isgurun.com\/index.php\/wp-json\/wp\/v2\/media?parent=16611"}],"wp:term":[{"taxonomy":"product_brand","embeddable":true,"href":"http:\/\/www.isgurun.com\/index.php\/wp-json\/wp\/v2\/product_brand?post=16611"},{"taxonomy":"product_cat","embeddable":true,"href":"http:\/\/www.isgurun.com\/index.php\/wp-json\/wp\/v2\/product_cat?post=16611"},{"taxonomy":"product_tag","embeddable":true,"href":"http:\/\/www.isgurun.com\/index.php\/wp-json\/wp\/v2\/product_tag?post=16611"}],"curies":[{"name":"wp","href":"https:\/\/api.w.org\/{rel}","templated":true}]}}