{"id":16652,"date":"2023-08-28T15:49:40","date_gmt":"2023-08-28T15:49:40","guid":{"rendered":"http:\/\/www.isgurun.com\/index.php\/product\/trafik-konisi-dikdortgen-levhali\/"},"modified":"2023-09-12T21:42:29","modified_gmt":"2023-09-12T21:42:29","slug":"trafik-konisi-dikdortgen-levhali","status":"publish","type":"product","link":"http:\/\/www.isgurun.com\/index.php\/product\/trafik-konisi-dikdortgen-levhali\/","title":{"rendered":"Trafik Konisi Dikd\u00f6rtgen Levhal\u0131"},"content":{"rendered":"<p>Mevsimceisg.com b\u00fcnyesinde sat\u0131\u015f yapan di\u011fer firmalar\u0131 ve sat\u0131\u015f fiyatlar\u0131n\u0131 &#8230; Trafik Konisi Dikd\u00f6rtgen Levhal\u0131 yollarda, caddelerde trafik emniyetini sa\u011flamak i\u00e7in, i\u015fyeri ..<\/p>\n<p> TEKN\u0130K \u00d6ZELL\u0130KLER<br \/>\n Malzeme : HDPE<br \/>\n Taban \u00c7ap\u0131 : 43 cm<br \/>\n \u00dcst \u00d6l\u00e7\u00fcs\u00fc : 35&#215;43 cm<\/p>\n","protected":false},"excerpt":{"rendered":"<p>Mevsimceisg.com b\u00fcnyesinde sat\u0131\u015f yapan di\u011fer firmalar\u0131 ve sat\u0131\u015f fiyatlar\u0131n\u0131 &#8230; Trafik Konisi Dikd\u00f6rtgen Levhal\u0131 yollarda, caddelerde trafik emniyetini sa\u011flamak i\u00e7in, i\u015fyeri .. TEKN\u0130K \u00d6ZELL\u0130KLER Malzeme : HDPE Taban \u00c7ap\u0131 : 43 cm \u00dcst \u00d6l\u00e7\u00fcs\u00fc : 35&#215;43 cm<\/p>\n","protected":false},"featured_media":15674,"template":"","meta":[],"product_brand":[],"product_cat":[58,46],"product_tag":[],"class_list":{"0":"post-16652","1":"product","2":"type-product","3":"status-publish","4":"has-post-thumbnail","6":"product_cat-trafik-konileri","7":"product_cat-trafik-urunleri","9":"first","10":"instock","11":"shipping-taxable","12":"product-type-simple"},"yoast_head":"<!-- This site is optimized with the Yoast SEO plugin v26.0 - https:\/\/yoast.com\/wordpress\/plugins\/seo\/ -->\n<title>Trafik Konisi Dikd\u00f6rtgen Levhal\u0131 -<\/title>\n<meta name=\"robots\" content=\"index, follow, max-snippet:-1, max-image-preview:large, max-video-preview:-1\" \/>\n<link rel=\"canonical\" href=\"http:\/\/www.isgurun.com\/index.php\/product\/trafik-konisi-dikdortgen-levhali\/\" \/>\n<meta property=\"og:locale\" content=\"tr_TR\" \/>\n<meta property=\"og:type\" content=\"article\" \/>\n<meta property=\"og:title\" content=\"Trafik Konisi Dikd\u00f6rtgen Levhal\u0131 -\" \/>\n<meta property=\"og:description\" content=\"Mevsimceisg.com b\u00fcnyesinde sat\u0131\u015f yapan di\u011fer firmalar\u0131 ve sat\u0131\u015f fiyatlar\u0131n\u0131 &#8230; Trafik Konisi Dikd\u00f6rtgen Levhal\u0131 yollarda, caddelerde trafik emniyetini sa\u011flamak i\u00e7in, i\u015fyeri .. TEKN\u0130K \u00d6ZELL\u0130KLER Malzeme : HDPE Taban \u00c7ap\u0131 : 43 cm \u00dcst \u00d6l\u00e7\u00fcs\u00fc : 35&#215;43 cm\" \/>\n<meta property=\"og:url\" content=\"http:\/\/www.isgurun.com\/index.php\/product\/trafik-konisi-dikdortgen-levhali\/\" \/>\n<meta property=\"article:modified_time\" content=\"2023-09-12T21:42:29+00:00\" \/>\n<meta property=\"og:image\" content=\"http:\/\/www.isgurun.com\/wp-content\/uploads\/2023\/08\/dikdortgen-levhali-trafik-konisi.jpg\" \/>\n\t<meta property=\"og:image:width\" content=\"1121\" \/>\n\t<meta property=\"og:image:height\" content=\"779\" \/>\n\t<meta property=\"og:image:type\" content=\"image\/jpeg\" \/>\n<meta name=\"twitter:card\" content=\"summary_large_image\" \/>\n<script type=\"application\/ld+json\" class=\"yoast-schema-graph\">{\"@context\":\"https:\/\/schema.org\",\"@graph\":[{\"@type\":\"WebPage\",\"@id\":\"http:\/\/www.isgurun.com\/index.php\/product\/trafik-konisi-dikdortgen-levhali\/\",\"url\":\"http:\/\/www.isgurun.com\/index.php\/product\/trafik-konisi-dikdortgen-levhali\/\",\"name\":\"Trafik Konisi Dikd\u00f6rtgen Levhal\u0131 -\",\"isPartOf\":{\"@id\":\"http:\/\/www.isgurun.com\/#website\"},\"primaryImageOfPage\":{\"@id\":\"http:\/\/www.isgurun.com\/index.php\/product\/trafik-konisi-dikdortgen-levhali\/#primaryimage\"},\"image\":{\"@id\":\"http:\/\/www.isgurun.com\/index.php\/product\/trafik-konisi-dikdortgen-levhali\/#primaryimage\"},\"thumbnailUrl\":\"http:\/\/www.isgurun.com\/wp-content\/uploads\/2023\/08\/dikdortgen-levhali-trafik-konisi.jpg\",\"datePublished\":\"2023-08-28T15:49:40+00:00\",\"dateModified\":\"2023-09-12T21:42:29+00:00\",\"breadcrumb\":{\"@id\":\"http:\/\/www.isgurun.com\/index.php\/product\/trafik-konisi-dikdortgen-levhali\/#breadcrumb\"},\"inLanguage\":\"tr\",\"potentialAction\":[{\"@type\":\"ReadAction\",\"target\":[\"http:\/\/www.isgurun.com\/index.php\/product\/trafik-konisi-dikdortgen-levhali\/\"]}]},{\"@type\":\"ImageObject\",\"inLanguage\":\"tr\",\"@id\":\"http:\/\/www.isgurun.com\/index.php\/product\/trafik-konisi-dikdortgen-levhali\/#primaryimage\",\"url\":\"http:\/\/www.isgurun.com\/wp-content\/uploads\/2023\/08\/dikdortgen-levhali-trafik-konisi.jpg\",\"contentUrl\":\"http:\/\/www.isgurun.com\/wp-content\/uploads\/2023\/08\/dikdortgen-levhali-trafik-konisi.jpg\",\"width\":1121,\"height\":779},{\"@type\":\"BreadcrumbList\",\"@id\":\"http:\/\/www.isgurun.com\/index.php\/product\/trafik-konisi-dikdortgen-levhali\/#breadcrumb\",\"itemListElement\":[{\"@type\":\"ListItem\",\"position\":1,\"name\":\"Anasayfa\",\"item\":\"http:\/\/www.isgurun.com\/\"},{\"@type\":\"ListItem\",\"position\":2,\"name\":\"Shop\",\"item\":\"https:\/\/www.isgurun.com\/index.php\/shop\/\"},{\"@type\":\"ListItem\",\"position\":3,\"name\":\"Trafik Konisi Dikd\u00f6rtgen Levhal\u0131\"}]},{\"@type\":\"WebSite\",\"@id\":\"http:\/\/www.isgurun.com\/#website\",\"url\":\"http:\/\/www.isgurun.com\/\",\"name\":\"https:\/\/www.isgurun.com\",\"description\":\"\",\"publisher\":{\"@id\":\"http:\/\/www.isgurun.com\/#organization\"},\"potentialAction\":[{\"@type\":\"SearchAction\",\"target\":{\"@type\":\"EntryPoint\",\"urlTemplate\":\"http:\/\/www.isgurun.com\/?s={search_term_string}\"},\"query-input\":{\"@type\":\"PropertyValueSpecification\",\"valueRequired\":true,\"valueName\":\"search_term_string\"}}],\"inLanguage\":\"tr\"},{\"@type\":\"Organization\",\"@id\":\"http:\/\/www.isgurun.com\/#organization\",\"name\":\"Kurulu\u015f \u0130\u015f Elbiseleri\",\"alternateName\":\"K\u0130E\",\"url\":\"http:\/\/www.isgurun.com\/\",\"logo\":{\"@type\":\"ImageObject\",\"inLanguage\":\"tr\",\"@id\":\"http:\/\/www.isgurun.com\/#\/schema\/logo\/image\/\",\"url\":\"http:\/\/www.isgurun.com\/wp-content\/uploads\/2025\/01\/cropped-Artboard-1-5.png\",\"contentUrl\":\"http:\/\/www.isgurun.com\/wp-content\/uploads\/2025\/01\/cropped-Artboard-1-5.png\",\"width\":783,\"height\":636,\"caption\":\"Kurulu\u015f \u0130\u015f Elbiseleri\"},\"image\":{\"@id\":\"http:\/\/www.isgurun.com\/#\/schema\/logo\/image\/\"}}]}<\/script>\n<!-- \/ Yoast SEO plugin. -->","yoast_head_json":{"title":"Trafik Konisi Dikd\u00f6rtgen Levhal\u0131 -","robots":{"index":"index","follow":"follow","max-snippet":"max-snippet:-1","max-image-preview":"max-image-preview:large","max-video-preview":"max-video-preview:-1"},"canonical":"http:\/\/www.isgurun.com\/index.php\/product\/trafik-konisi-dikdortgen-levhali\/","og_locale":"tr_TR","og_type":"article","og_title":"Trafik Konisi Dikd\u00f6rtgen Levhal\u0131 -","og_description":"Mevsimceisg.com b\u00fcnyesinde sat\u0131\u015f yapan di\u011fer firmalar\u0131 ve sat\u0131\u015f fiyatlar\u0131n\u0131 &#8230; Trafik Konisi Dikd\u00f6rtgen Levhal\u0131 yollarda, caddelerde trafik emniyetini sa\u011flamak i\u00e7in, i\u015fyeri .. TEKN\u0130K \u00d6ZELL\u0130KLER Malzeme : HDPE Taban \u00c7ap\u0131 : 43 cm \u00dcst \u00d6l\u00e7\u00fcs\u00fc : 35&#215;43 cm","og_url":"http:\/\/www.isgurun.com\/index.php\/product\/trafik-konisi-dikdortgen-levhali\/","article_modified_time":"2023-09-12T21:42:29+00:00","og_image":[{"width":1121,"height":779,"url":"http:\/\/www.isgurun.com\/wp-content\/uploads\/2023\/08\/dikdortgen-levhali-trafik-konisi.jpg","type":"image\/jpeg"}],"twitter_card":"summary_large_image","schema":{"@context":"https:\/\/schema.org","@graph":[{"@type":"WebPage","@id":"http:\/\/www.isgurun.com\/index.php\/product\/trafik-konisi-dikdortgen-levhali\/","url":"http:\/\/www.isgurun.com\/index.php\/product\/trafik-konisi-dikdortgen-levhali\/","name":"Trafik Konisi Dikd\u00f6rtgen Levhal\u0131 -","isPartOf":{"@id":"http:\/\/www.isgurun.com\/#website"},"primaryImageOfPage":{"@id":"http:\/\/www.isgurun.com\/index.php\/product\/trafik-konisi-dikdortgen-levhali\/#primaryimage"},"image":{"@id":"http:\/\/www.isgurun.com\/index.php\/product\/trafik-konisi-dikdortgen-levhali\/#primaryimage"},"thumbnailUrl":"http:\/\/www.isgurun.com\/wp-content\/uploads\/2023\/08\/dikdortgen-levhali-trafik-konisi.jpg","datePublished":"2023-08-28T15:49:40+00:00","dateModified":"2023-09-12T21:42:29+00:00","breadcrumb":{"@id":"http:\/\/www.isgurun.com\/index.php\/product\/trafik-konisi-dikdortgen-levhali\/#breadcrumb"},"inLanguage":"tr","potentialAction":[{"@type":"ReadAction","target":["http:\/\/www.isgurun.com\/index.php\/product\/trafik-konisi-dikdortgen-levhali\/"]}]},{"@type":"ImageObject","inLanguage":"tr","@id":"http:\/\/www.isgurun.com\/index.php\/product\/trafik-konisi-dikdortgen-levhali\/#primaryimage","url":"http:\/\/www.isgurun.com\/wp-content\/uploads\/2023\/08\/dikdortgen-levhali-trafik-konisi.jpg","contentUrl":"http:\/\/www.isgurun.com\/wp-content\/uploads\/2023\/08\/dikdortgen-levhali-trafik-konisi.jpg","width":1121,"height":779},{"@type":"BreadcrumbList","@id":"http:\/\/www.isgurun.com\/index.php\/product\/trafik-konisi-dikdortgen-levhali\/#breadcrumb","itemListElement":[{"@type":"ListItem","position":1,"name":"Anasayfa","item":"http:\/\/www.isgurun.com\/"},{"@type":"ListItem","position":2,"name":"Shop","item":"https:\/\/www.isgurun.com\/index.php\/shop\/"},{"@type":"ListItem","position":3,"name":"Trafik Konisi Dikd\u00f6rtgen Levhal\u0131"}]},{"@type":"WebSite","@id":"http:\/\/www.isgurun.com\/#website","url":"http:\/\/www.isgurun.com\/","name":"https:\/\/www.isgurun.com","description":"","publisher":{"@id":"http:\/\/www.isgurun.com\/#organization"},"potentialAction":[{"@type":"SearchAction","target":{"@type":"EntryPoint","urlTemplate":"http:\/\/www.isgurun.com\/?s={search_term_string}"},"query-input":{"@type":"PropertyValueSpecification","valueRequired":true,"valueName":"search_term_string"}}],"inLanguage":"tr"},{"@type":"Organization","@id":"http:\/\/www.isgurun.com\/#organization","name":"Kurulu\u015f \u0130\u015f Elbiseleri","alternateName":"K\u0130E","url":"http:\/\/www.isgurun.com\/","logo":{"@type":"ImageObject","inLanguage":"tr","@id":"http:\/\/www.isgurun.com\/#\/schema\/logo\/image\/","url":"http:\/\/www.isgurun.com\/wp-content\/uploads\/2025\/01\/cropped-Artboard-1-5.png","contentUrl":"http:\/\/www.isgurun.com\/wp-content\/uploads\/2025\/01\/cropped-Artboard-1-5.png","width":783,"height":636,"caption":"Kurulu\u015f \u0130\u015f Elbiseleri"},"image":{"@id":"http:\/\/www.isgurun.com\/#\/schema\/logo\/image\/"}}]}},"_links":{"self":[{"href":"http:\/\/www.isgurun.com\/index.php\/wp-json\/wp\/v2\/product\/16652","targetHints":{"allow":["GET"]}}],"collection":[{"href":"http:\/\/www.isgurun.com\/index.php\/wp-json\/wp\/v2\/product"}],"about":[{"href":"http:\/\/www.isgurun.com\/index.php\/wp-json\/wp\/v2\/types\/product"}],"version-history":[{"count":1,"href":"http:\/\/www.isgurun.com\/index.php\/wp-json\/wp\/v2\/product\/16652\/revisions"}],"predecessor-version":[{"id":17036,"href":"http:\/\/www.isgurun.com\/index.php\/wp-json\/wp\/v2\/product\/16652\/revisions\/17036"}],"wp:featuredmedia":[{"embeddable":true,"href":"http:\/\/www.isgurun.com\/index.php\/wp-json\/wp\/v2\/media\/15674"}],"wp:attachment":[{"href":"http:\/\/www.isgurun.com\/index.php\/wp-json\/wp\/v2\/media?parent=16652"}],"wp:term":[{"taxonomy":"product_brand","embeddable":true,"href":"http:\/\/www.isgurun.com\/index.php\/wp-json\/wp\/v2\/product_brand?post=16652"},{"taxonomy":"product_cat","embeddable":true,"href":"http:\/\/www.isgurun.com\/index.php\/wp-json\/wp\/v2\/product_cat?post=16652"},{"taxonomy":"product_tag","embeddable":true,"href":"http:\/\/www.isgurun.com\/index.php\/wp-json\/wp\/v2\/product_tag?post=16652"}],"curies":[{"name":"wp","href":"https:\/\/api.w.org\/{rel}","templated":true}]}}