{"id":16731,"date":"2023-08-28T15:50:04","date_gmt":"2023-08-28T15:50:04","guid":{"rendered":"http:\/\/www.isgurun.com\/index.php\/product\/serit-aktarimi-ciftli-sagdan-sol-yola-solar-tabela\/"},"modified":"2023-09-12T21:34:33","modified_gmt":"2023-09-12T21:34:33","slug":"serit-aktarimi-ciftli-sagdan-sol-yola-solar-tabela","status":"publish","type":"product","link":"http:\/\/www.isgurun.com\/index.php\/product\/serit-aktarimi-ciftli-sagdan-sol-yola-solar-tabela\/","title":{"rendered":"\u015eerit Aktar\u0131m\u0131 \u00c7iftli Sa\u011fdan Sol Yola Solar Tabela"},"content":{"rendered":"<p>\u015eerit Aktar\u0131m\u0131 \u00c7iftli Sa\u011fdan Sol Yola Solar Tabela en iyi fiyatla Mevsimceisg.com&#8217;dan sat\u0131n al\u0131n! \u015eimdi indirimli fiyatla online sipari\u015f verin, \u015eerit Aktar\u0131m\u0131 \u00c7iftli Sa\u011fdan Sol Yola Solar Tabela aya\u011f\u0131n\u0131za gelsin!<\/p>\n<p> TEKN\u0130K \u00d6ZELL\u0130KLER<br \/>\n Malzeme :1,2 mm Stati<\/p>\n","protected":false},"excerpt":{"rendered":"<p>\u015eerit Aktar\u0131m\u0131 \u00c7iftli Sa\u011fdan Sol Yola Solar Tabela en iyi fiyatla Mevsimceisg.com&#8217;dan sat\u0131n al\u0131n! \u015eimdi indirimli fiyatla online sipari\u015f verin, \u015eerit Aktar\u0131m\u0131 \u00c7iftli Sa\u011fdan Sol Yola Solar Tabela aya\u011f\u0131n\u0131za gelsin! TEKN\u0130K \u00d6ZELL\u0130KLER Malzeme :1,2 mm Stati<\/p>\n","protected":false},"featured_media":15828,"template":"","meta":[],"product_brand":[],"product_cat":[57,48,46,49],"product_tag":[],"class_list":{"0":"post-16731","1":"product","2":"type-product","3":"status-publish","4":"has-post-thumbnail","6":"product_cat-flasorlu-uyari-lambasi","7":"product_cat-trafik-levhalari","8":"product_cat-trafik-urunleri","9":"product_cat-uyari-ve-ikaz-levhalari","11":"first","12":"instock","13":"shipping-taxable","14":"product-type-simple"},"yoast_head":"<!-- This site is optimized with the Yoast SEO plugin v26.0 - https:\/\/yoast.com\/wordpress\/plugins\/seo\/ -->\n<title>\u015eerit Aktar\u0131m\u0131 \u00c7iftli Sa\u011fdan Sol Yola Solar Tabela -<\/title>\n<meta name=\"robots\" content=\"index, follow, max-snippet:-1, max-image-preview:large, max-video-preview:-1\" \/>\n<link rel=\"canonical\" href=\"http:\/\/www.isgurun.com\/index.php\/product\/serit-aktarimi-ciftli-sagdan-sol-yola-solar-tabela\/\" \/>\n<meta property=\"og:locale\" content=\"tr_TR\" \/>\n<meta property=\"og:type\" content=\"article\" \/>\n<meta property=\"og:title\" content=\"\u015eerit Aktar\u0131m\u0131 \u00c7iftli Sa\u011fdan Sol Yola Solar Tabela -\" \/>\n<meta property=\"og:description\" content=\"\u015eerit Aktar\u0131m\u0131 \u00c7iftli Sa\u011fdan Sol Yola Solar Tabela en iyi fiyatla Mevsimceisg.com&#8217;dan sat\u0131n al\u0131n! \u015eimdi indirimli fiyatla online sipari\u015f verin, \u015eerit Aktar\u0131m\u0131 \u00c7iftli Sa\u011fdan Sol Yola Solar Tabela aya\u011f\u0131n\u0131za gelsin! TEKN\u0130K \u00d6ZELL\u0130KLER Malzeme :1,2 mm Stati\" \/>\n<meta property=\"og:url\" content=\"http:\/\/www.isgurun.com\/index.php\/product\/serit-aktarimi-ciftli-sagdan-sol-yola-solar-tabela\/\" \/>\n<meta property=\"article:modified_time\" content=\"2023-09-12T21:34:33+00:00\" \/>\n<meta property=\"og:image\" content=\"http:\/\/www.isgurun.com\/wp-content\/uploads\/2023\/08\/serit-aktarimi-ciftli.jpg\" \/>\n\t<meta property=\"og:image:width\" content=\"551\" \/>\n\t<meta property=\"og:image:height\" content=\"561\" \/>\n\t<meta property=\"og:image:type\" content=\"image\/jpeg\" \/>\n<meta name=\"twitter:card\" content=\"summary_large_image\" \/>\n<script type=\"application\/ld+json\" class=\"yoast-schema-graph\">{\"@context\":\"https:\/\/schema.org\",\"@graph\":[{\"@type\":\"WebPage\",\"@id\":\"http:\/\/www.isgurun.com\/index.php\/product\/serit-aktarimi-ciftli-sagdan-sol-yola-solar-tabela\/\",\"url\":\"http:\/\/www.isgurun.com\/index.php\/product\/serit-aktarimi-ciftli-sagdan-sol-yola-solar-tabela\/\",\"name\":\"\u015eerit Aktar\u0131m\u0131 \u00c7iftli Sa\u011fdan Sol Yola Solar Tabela -\",\"isPartOf\":{\"@id\":\"https:\/\/www.isgurun.com\/#website\"},\"primaryImageOfPage\":{\"@id\":\"http:\/\/www.isgurun.com\/index.php\/product\/serit-aktarimi-ciftli-sagdan-sol-yola-solar-tabela\/#primaryimage\"},\"image\":{\"@id\":\"http:\/\/www.isgurun.com\/index.php\/product\/serit-aktarimi-ciftli-sagdan-sol-yola-solar-tabela\/#primaryimage\"},\"thumbnailUrl\":\"http:\/\/www.isgurun.com\/wp-content\/uploads\/2023\/08\/serit-aktarimi-ciftli.jpg\",\"datePublished\":\"2023-08-28T15:50:04+00:00\",\"dateModified\":\"2023-09-12T21:34:33+00:00\",\"breadcrumb\":{\"@id\":\"http:\/\/www.isgurun.com\/index.php\/product\/serit-aktarimi-ciftli-sagdan-sol-yola-solar-tabela\/#breadcrumb\"},\"inLanguage\":\"tr\",\"potentialAction\":[{\"@type\":\"ReadAction\",\"target\":[\"http:\/\/www.isgurun.com\/index.php\/product\/serit-aktarimi-ciftli-sagdan-sol-yola-solar-tabela\/\"]}]},{\"@type\":\"ImageObject\",\"inLanguage\":\"tr\",\"@id\":\"http:\/\/www.isgurun.com\/index.php\/product\/serit-aktarimi-ciftli-sagdan-sol-yola-solar-tabela\/#primaryimage\",\"url\":\"http:\/\/www.isgurun.com\/wp-content\/uploads\/2023\/08\/serit-aktarimi-ciftli.jpg\",\"contentUrl\":\"http:\/\/www.isgurun.com\/wp-content\/uploads\/2023\/08\/serit-aktarimi-ciftli.jpg\",\"width\":551,\"height\":561},{\"@type\":\"BreadcrumbList\",\"@id\":\"http:\/\/www.isgurun.com\/index.php\/product\/serit-aktarimi-ciftli-sagdan-sol-yola-solar-tabela\/#breadcrumb\",\"itemListElement\":[{\"@type\":\"ListItem\",\"position\":1,\"name\":\"Anasayfa\",\"item\":\"https:\/\/www.isgurun.com\/\"},{\"@type\":\"ListItem\",\"position\":2,\"name\":\"Shop\",\"item\":\"http:\/\/www.isgurun.com\/index.php\/shop\/\"},{\"@type\":\"ListItem\",\"position\":3,\"name\":\"\u015eerit Aktar\u0131m\u0131 \u00c7iftli Sa\u011fdan Sol Yola Solar Tabela\"}]},{\"@type\":\"WebSite\",\"@id\":\"https:\/\/www.isgurun.com\/#website\",\"url\":\"https:\/\/www.isgurun.com\/\",\"name\":\"https:\/\/www.isgurun.com\",\"description\":\"\",\"publisher\":{\"@id\":\"https:\/\/www.isgurun.com\/#organization\"},\"potentialAction\":[{\"@type\":\"SearchAction\",\"target\":{\"@type\":\"EntryPoint\",\"urlTemplate\":\"https:\/\/www.isgurun.com\/?s={search_term_string}\"},\"query-input\":{\"@type\":\"PropertyValueSpecification\",\"valueRequired\":true,\"valueName\":\"search_term_string\"}}],\"inLanguage\":\"tr\"},{\"@type\":\"Organization\",\"@id\":\"https:\/\/www.isgurun.com\/#organization\",\"name\":\"Kurulu\u015f \u0130\u015f Elbiseleri\",\"alternateName\":\"K\u0130E\",\"url\":\"https:\/\/www.isgurun.com\/\",\"logo\":{\"@type\":\"ImageObject\",\"inLanguage\":\"tr\",\"@id\":\"https:\/\/www.isgurun.com\/#\/schema\/logo\/image\/\",\"url\":\"http:\/\/www.isgurun.com\/wp-content\/uploads\/2025\/01\/cropped-Artboard-1-5.png\",\"contentUrl\":\"http:\/\/www.isgurun.com\/wp-content\/uploads\/2025\/01\/cropped-Artboard-1-5.png\",\"width\":783,\"height\":636,\"caption\":\"Kurulu\u015f \u0130\u015f Elbiseleri\"},\"image\":{\"@id\":\"https:\/\/www.isgurun.com\/#\/schema\/logo\/image\/\"}}]}<\/script>\n<!-- \/ Yoast SEO plugin. -->","yoast_head_json":{"title":"\u015eerit Aktar\u0131m\u0131 \u00c7iftli Sa\u011fdan Sol Yola Solar Tabela -","robots":{"index":"index","follow":"follow","max-snippet":"max-snippet:-1","max-image-preview":"max-image-preview:large","max-video-preview":"max-video-preview:-1"},"canonical":"http:\/\/www.isgurun.com\/index.php\/product\/serit-aktarimi-ciftli-sagdan-sol-yola-solar-tabela\/","og_locale":"tr_TR","og_type":"article","og_title":"\u015eerit Aktar\u0131m\u0131 \u00c7iftli Sa\u011fdan Sol Yola Solar Tabela -","og_description":"\u015eerit Aktar\u0131m\u0131 \u00c7iftli Sa\u011fdan Sol Yola Solar Tabela en iyi fiyatla Mevsimceisg.com&#8217;dan sat\u0131n al\u0131n! \u015eimdi indirimli fiyatla online sipari\u015f verin, \u015eerit Aktar\u0131m\u0131 \u00c7iftli Sa\u011fdan Sol Yola Solar Tabela aya\u011f\u0131n\u0131za gelsin! TEKN\u0130K \u00d6ZELL\u0130KLER Malzeme :1,2 mm Stati","og_url":"http:\/\/www.isgurun.com\/index.php\/product\/serit-aktarimi-ciftli-sagdan-sol-yola-solar-tabela\/","article_modified_time":"2023-09-12T21:34:33+00:00","og_image":[{"width":551,"height":561,"url":"http:\/\/www.isgurun.com\/wp-content\/uploads\/2023\/08\/serit-aktarimi-ciftli.jpg","type":"image\/jpeg"}],"twitter_card":"summary_large_image","schema":{"@context":"https:\/\/schema.org","@graph":[{"@type":"WebPage","@id":"http:\/\/www.isgurun.com\/index.php\/product\/serit-aktarimi-ciftli-sagdan-sol-yola-solar-tabela\/","url":"http:\/\/www.isgurun.com\/index.php\/product\/serit-aktarimi-ciftli-sagdan-sol-yola-solar-tabela\/","name":"\u015eerit Aktar\u0131m\u0131 \u00c7iftli Sa\u011fdan Sol Yola Solar Tabela -","isPartOf":{"@id":"https:\/\/www.isgurun.com\/#website"},"primaryImageOfPage":{"@id":"http:\/\/www.isgurun.com\/index.php\/product\/serit-aktarimi-ciftli-sagdan-sol-yola-solar-tabela\/#primaryimage"},"image":{"@id":"http:\/\/www.isgurun.com\/index.php\/product\/serit-aktarimi-ciftli-sagdan-sol-yola-solar-tabela\/#primaryimage"},"thumbnailUrl":"http:\/\/www.isgurun.com\/wp-content\/uploads\/2023\/08\/serit-aktarimi-ciftli.jpg","datePublished":"2023-08-28T15:50:04+00:00","dateModified":"2023-09-12T21:34:33+00:00","breadcrumb":{"@id":"http:\/\/www.isgurun.com\/index.php\/product\/serit-aktarimi-ciftli-sagdan-sol-yola-solar-tabela\/#breadcrumb"},"inLanguage":"tr","potentialAction":[{"@type":"ReadAction","target":["http:\/\/www.isgurun.com\/index.php\/product\/serit-aktarimi-ciftli-sagdan-sol-yola-solar-tabela\/"]}]},{"@type":"ImageObject","inLanguage":"tr","@id":"http:\/\/www.isgurun.com\/index.php\/product\/serit-aktarimi-ciftli-sagdan-sol-yola-solar-tabela\/#primaryimage","url":"http:\/\/www.isgurun.com\/wp-content\/uploads\/2023\/08\/serit-aktarimi-ciftli.jpg","contentUrl":"http:\/\/www.isgurun.com\/wp-content\/uploads\/2023\/08\/serit-aktarimi-ciftli.jpg","width":551,"height":561},{"@type":"BreadcrumbList","@id":"http:\/\/www.isgurun.com\/index.php\/product\/serit-aktarimi-ciftli-sagdan-sol-yola-solar-tabela\/#breadcrumb","itemListElement":[{"@type":"ListItem","position":1,"name":"Anasayfa","item":"https:\/\/www.isgurun.com\/"},{"@type":"ListItem","position":2,"name":"Shop","item":"http:\/\/www.isgurun.com\/index.php\/shop\/"},{"@type":"ListItem","position":3,"name":"\u015eerit Aktar\u0131m\u0131 \u00c7iftli Sa\u011fdan Sol Yola Solar Tabela"}]},{"@type":"WebSite","@id":"https:\/\/www.isgurun.com\/#website","url":"https:\/\/www.isgurun.com\/","name":"https:\/\/www.isgurun.com","description":"","publisher":{"@id":"https:\/\/www.isgurun.com\/#organization"},"potentialAction":[{"@type":"SearchAction","target":{"@type":"EntryPoint","urlTemplate":"https:\/\/www.isgurun.com\/?s={search_term_string}"},"query-input":{"@type":"PropertyValueSpecification","valueRequired":true,"valueName":"search_term_string"}}],"inLanguage":"tr"},{"@type":"Organization","@id":"https:\/\/www.isgurun.com\/#organization","name":"Kurulu\u015f \u0130\u015f Elbiseleri","alternateName":"K\u0130E","url":"https:\/\/www.isgurun.com\/","logo":{"@type":"ImageObject","inLanguage":"tr","@id":"https:\/\/www.isgurun.com\/#\/schema\/logo\/image\/","url":"http:\/\/www.isgurun.com\/wp-content\/uploads\/2025\/01\/cropped-Artboard-1-5.png","contentUrl":"http:\/\/www.isgurun.com\/wp-content\/uploads\/2025\/01\/cropped-Artboard-1-5.png","width":783,"height":636,"caption":"Kurulu\u015f \u0130\u015f Elbiseleri"},"image":{"@id":"https:\/\/www.isgurun.com\/#\/schema\/logo\/image\/"}}]}},"_links":{"self":[{"href":"http:\/\/www.isgurun.com\/index.php\/wp-json\/wp\/v2\/product\/16731","targetHints":{"allow":["GET"]}}],"collection":[{"href":"http:\/\/www.isgurun.com\/index.php\/wp-json\/wp\/v2\/product"}],"about":[{"href":"http:\/\/www.isgurun.com\/index.php\/wp-json\/wp\/v2\/types\/product"}],"version-history":[{"count":1,"href":"http:\/\/www.isgurun.com\/index.php\/wp-json\/wp\/v2\/product\/16731\/revisions"}],"predecessor-version":[{"id":16958,"href":"http:\/\/www.isgurun.com\/index.php\/wp-json\/wp\/v2\/product\/16731\/revisions\/16958"}],"wp:featuredmedia":[{"embeddable":true,"href":"http:\/\/www.isgurun.com\/index.php\/wp-json\/wp\/v2\/media\/15828"}],"wp:attachment":[{"href":"http:\/\/www.isgurun.com\/index.php\/wp-json\/wp\/v2\/media?parent=16731"}],"wp:term":[{"taxonomy":"product_brand","embeddable":true,"href":"http:\/\/www.isgurun.com\/index.php\/wp-json\/wp\/v2\/product_brand?post=16731"},{"taxonomy":"product_cat","embeddable":true,"href":"http:\/\/www.isgurun.com\/index.php\/wp-json\/wp\/v2\/product_cat?post=16731"},{"taxonomy":"product_tag","embeddable":true,"href":"http:\/\/www.isgurun.com\/index.php\/wp-json\/wp\/v2\/product_tag?post=16731"}],"curies":[{"name":"wp","href":"https:\/\/api.w.org\/{rel}","templated":true}]}}