{"id":16808,"date":"2023-08-28T15:55:39","date_gmt":"2023-08-28T15:55:39","guid":{"rendered":"http:\/\/www.isgurun.com\/index.php\/product\/itfaiyeci-cizmesi-2\/"},"modified":"2023-09-12T21:22:08","modified_gmt":"2023-09-12T21:22:08","slug":"itfaiyeci-cizmesi-2","status":"publish","type":"product","link":"http:\/\/www.isgurun.com\/index.php\/product\/itfaiyeci-cizmesi-2\/","title":{"rendered":"\u0130tfaiyeci \u00c7izmesi 2"},"content":{"rendered":"<p>\u0130tfaiyeci \u00c7izmesi uygun fiyat ve indirim f\u0131rsatlar\u0131yla Mevsimceisg.comda. T\u0131kla, en ucuz \u0130tfaiyeci \u00c7izmesi aya\u011f\u0131na gelsin<\/p>\n<p> Fiyat teklifi i\u00e7in bize mail ya da telefon yoluyla ula\u015fabilirsiniz.<\/p>\n<p> \u00d6zellikler<\/p>\n<p> Yang\u0131nla m\u00fccadele i\u00e7in diren\u00e7li \u00f6zel i\u015flem g<\/p>\n","protected":false},"excerpt":{"rendered":"<p>\u0130tfaiyeci \u00c7izmesi uygun fiyat ve indirim f\u0131rsatlar\u0131yla Mevsimceisg.comda. T\u0131kla, en ucuz \u0130tfaiyeci \u00c7izmesi aya\u011f\u0131na gelsin Fiyat teklifi i\u00e7in bize mail ya da telefon yoluyla ula\u015fabilirsiniz. \u00d6zellikler Yang\u0131nla m\u00fccadele i\u00e7in diren\u00e7li \u00f6zel i\u015flem g<\/p>\n","protected":false},"featured_media":15978,"template":"","meta":[],"product_brand":[],"product_cat":[72],"product_tag":[],"class_list":{"0":"post-16808","1":"product","2":"type-product","3":"status-publish","4":"has-post-thumbnail","6":"product_cat-itfaiyeci-urunleri","8":"first","9":"instock","10":"shipping-taxable","11":"product-type-simple"},"yoast_head":"<!-- This site is optimized with the Yoast SEO plugin v26.0 - https:\/\/yoast.com\/wordpress\/plugins\/seo\/ -->\n<title>\u0130tfaiyeci \u00c7izmesi 2 -<\/title>\n<meta name=\"robots\" content=\"index, follow, max-snippet:-1, max-image-preview:large, max-video-preview:-1\" \/>\n<link rel=\"canonical\" href=\"http:\/\/www.isgurun.com\/index.php\/product\/itfaiyeci-cizmesi-2\/\" \/>\n<meta property=\"og:locale\" content=\"tr_TR\" \/>\n<meta property=\"og:type\" content=\"article\" \/>\n<meta property=\"og:title\" content=\"\u0130tfaiyeci \u00c7izmesi 2 -\" \/>\n<meta property=\"og:description\" content=\"\u0130tfaiyeci \u00c7izmesi uygun fiyat ve indirim f\u0131rsatlar\u0131yla Mevsimceisg.comda. T\u0131kla, en ucuz \u0130tfaiyeci \u00c7izmesi aya\u011f\u0131na gelsin Fiyat teklifi i\u00e7in bize mail ya da telefon yoluyla ula\u015fabilirsiniz. \u00d6zellikler Yang\u0131nla m\u00fccadele i\u00e7in diren\u00e7li \u00f6zel i\u015flem g\" \/>\n<meta property=\"og:url\" content=\"http:\/\/www.isgurun.com\/index.php\/product\/itfaiyeci-cizmesi-2\/\" \/>\n<meta property=\"article:modified_time\" content=\"2023-09-12T21:22:08+00:00\" \/>\n<meta property=\"og:image\" content=\"http:\/\/www.isgurun.com\/wp-content\/uploads\/2023\/08\/sari-itfaiceci-cizmesi.jpg\" \/>\n\t<meta property=\"og:image:width\" content=\"572\" \/>\n\t<meta property=\"og:image:height\" content=\"400\" \/>\n\t<meta property=\"og:image:type\" content=\"image\/jpeg\" \/>\n<meta name=\"twitter:card\" content=\"summary_large_image\" \/>\n<script type=\"application\/ld+json\" class=\"yoast-schema-graph\">{\"@context\":\"https:\/\/schema.org\",\"@graph\":[{\"@type\":\"WebPage\",\"@id\":\"http:\/\/www.isgurun.com\/index.php\/product\/itfaiyeci-cizmesi-2\/\",\"url\":\"http:\/\/www.isgurun.com\/index.php\/product\/itfaiyeci-cizmesi-2\/\",\"name\":\"\u0130tfaiyeci \u00c7izmesi 2 -\",\"isPartOf\":{\"@id\":\"https:\/\/www.isgurun.com\/#website\"},\"primaryImageOfPage\":{\"@id\":\"http:\/\/www.isgurun.com\/index.php\/product\/itfaiyeci-cizmesi-2\/#primaryimage\"},\"image\":{\"@id\":\"http:\/\/www.isgurun.com\/index.php\/product\/itfaiyeci-cizmesi-2\/#primaryimage\"},\"thumbnailUrl\":\"http:\/\/www.isgurun.com\/wp-content\/uploads\/2023\/08\/sari-itfaiceci-cizmesi.jpg\",\"datePublished\":\"2023-08-28T15:55:39+00:00\",\"dateModified\":\"2023-09-12T21:22:08+00:00\",\"breadcrumb\":{\"@id\":\"http:\/\/www.isgurun.com\/index.php\/product\/itfaiyeci-cizmesi-2\/#breadcrumb\"},\"inLanguage\":\"tr\",\"potentialAction\":[{\"@type\":\"ReadAction\",\"target\":[\"http:\/\/www.isgurun.com\/index.php\/product\/itfaiyeci-cizmesi-2\/\"]}]},{\"@type\":\"ImageObject\",\"inLanguage\":\"tr\",\"@id\":\"http:\/\/www.isgurun.com\/index.php\/product\/itfaiyeci-cizmesi-2\/#primaryimage\",\"url\":\"http:\/\/www.isgurun.com\/wp-content\/uploads\/2023\/08\/sari-itfaiceci-cizmesi.jpg\",\"contentUrl\":\"http:\/\/www.isgurun.com\/wp-content\/uploads\/2023\/08\/sari-itfaiceci-cizmesi.jpg\",\"width\":572,\"height\":400},{\"@type\":\"BreadcrumbList\",\"@id\":\"http:\/\/www.isgurun.com\/index.php\/product\/itfaiyeci-cizmesi-2\/#breadcrumb\",\"itemListElement\":[{\"@type\":\"ListItem\",\"position\":1,\"name\":\"Anasayfa\",\"item\":\"https:\/\/www.isgurun.com\/\"},{\"@type\":\"ListItem\",\"position\":2,\"name\":\"Shop\",\"item\":\"http:\/\/www.isgurun.com\/index.php\/shop\/\"},{\"@type\":\"ListItem\",\"position\":3,\"name\":\"\u0130tfaiyeci \u00c7izmesi 2\"}]},{\"@type\":\"WebSite\",\"@id\":\"https:\/\/www.isgurun.com\/#website\",\"url\":\"https:\/\/www.isgurun.com\/\",\"name\":\"https:\/\/www.isgurun.com\",\"description\":\"\",\"publisher\":{\"@id\":\"https:\/\/www.isgurun.com\/#organization\"},\"potentialAction\":[{\"@type\":\"SearchAction\",\"target\":{\"@type\":\"EntryPoint\",\"urlTemplate\":\"https:\/\/www.isgurun.com\/?s={search_term_string}\"},\"query-input\":{\"@type\":\"PropertyValueSpecification\",\"valueRequired\":true,\"valueName\":\"search_term_string\"}}],\"inLanguage\":\"tr\"},{\"@type\":\"Organization\",\"@id\":\"https:\/\/www.isgurun.com\/#organization\",\"name\":\"Kurulu\u015f \u0130\u015f Elbiseleri\",\"alternateName\":\"K\u0130E\",\"url\":\"https:\/\/www.isgurun.com\/\",\"logo\":{\"@type\":\"ImageObject\",\"inLanguage\":\"tr\",\"@id\":\"https:\/\/www.isgurun.com\/#\/schema\/logo\/image\/\",\"url\":\"http:\/\/www.isgurun.com\/wp-content\/uploads\/2025\/01\/cropped-Artboard-1-5.png\",\"contentUrl\":\"http:\/\/www.isgurun.com\/wp-content\/uploads\/2025\/01\/cropped-Artboard-1-5.png\",\"width\":783,\"height\":636,\"caption\":\"Kurulu\u015f \u0130\u015f Elbiseleri\"},\"image\":{\"@id\":\"https:\/\/www.isgurun.com\/#\/schema\/logo\/image\/\"}}]}<\/script>\n<!-- \/ Yoast SEO plugin. -->","yoast_head_json":{"title":"\u0130tfaiyeci \u00c7izmesi 2 -","robots":{"index":"index","follow":"follow","max-snippet":"max-snippet:-1","max-image-preview":"max-image-preview:large","max-video-preview":"max-video-preview:-1"},"canonical":"http:\/\/www.isgurun.com\/index.php\/product\/itfaiyeci-cizmesi-2\/","og_locale":"tr_TR","og_type":"article","og_title":"\u0130tfaiyeci \u00c7izmesi 2 -","og_description":"\u0130tfaiyeci \u00c7izmesi uygun fiyat ve indirim f\u0131rsatlar\u0131yla Mevsimceisg.comda. T\u0131kla, en ucuz \u0130tfaiyeci \u00c7izmesi aya\u011f\u0131na gelsin Fiyat teklifi i\u00e7in bize mail ya da telefon yoluyla ula\u015fabilirsiniz. \u00d6zellikler Yang\u0131nla m\u00fccadele i\u00e7in diren\u00e7li \u00f6zel i\u015flem g","og_url":"http:\/\/www.isgurun.com\/index.php\/product\/itfaiyeci-cizmesi-2\/","article_modified_time":"2023-09-12T21:22:08+00:00","og_image":[{"width":572,"height":400,"url":"http:\/\/www.isgurun.com\/wp-content\/uploads\/2023\/08\/sari-itfaiceci-cizmesi.jpg","type":"image\/jpeg"}],"twitter_card":"summary_large_image","schema":{"@context":"https:\/\/schema.org","@graph":[{"@type":"WebPage","@id":"http:\/\/www.isgurun.com\/index.php\/product\/itfaiyeci-cizmesi-2\/","url":"http:\/\/www.isgurun.com\/index.php\/product\/itfaiyeci-cizmesi-2\/","name":"\u0130tfaiyeci \u00c7izmesi 2 -","isPartOf":{"@id":"https:\/\/www.isgurun.com\/#website"},"primaryImageOfPage":{"@id":"http:\/\/www.isgurun.com\/index.php\/product\/itfaiyeci-cizmesi-2\/#primaryimage"},"image":{"@id":"http:\/\/www.isgurun.com\/index.php\/product\/itfaiyeci-cizmesi-2\/#primaryimage"},"thumbnailUrl":"http:\/\/www.isgurun.com\/wp-content\/uploads\/2023\/08\/sari-itfaiceci-cizmesi.jpg","datePublished":"2023-08-28T15:55:39+00:00","dateModified":"2023-09-12T21:22:08+00:00","breadcrumb":{"@id":"http:\/\/www.isgurun.com\/index.php\/product\/itfaiyeci-cizmesi-2\/#breadcrumb"},"inLanguage":"tr","potentialAction":[{"@type":"ReadAction","target":["http:\/\/www.isgurun.com\/index.php\/product\/itfaiyeci-cizmesi-2\/"]}]},{"@type":"ImageObject","inLanguage":"tr","@id":"http:\/\/www.isgurun.com\/index.php\/product\/itfaiyeci-cizmesi-2\/#primaryimage","url":"http:\/\/www.isgurun.com\/wp-content\/uploads\/2023\/08\/sari-itfaiceci-cizmesi.jpg","contentUrl":"http:\/\/www.isgurun.com\/wp-content\/uploads\/2023\/08\/sari-itfaiceci-cizmesi.jpg","width":572,"height":400},{"@type":"BreadcrumbList","@id":"http:\/\/www.isgurun.com\/index.php\/product\/itfaiyeci-cizmesi-2\/#breadcrumb","itemListElement":[{"@type":"ListItem","position":1,"name":"Anasayfa","item":"https:\/\/www.isgurun.com\/"},{"@type":"ListItem","position":2,"name":"Shop","item":"http:\/\/www.isgurun.com\/index.php\/shop\/"},{"@type":"ListItem","position":3,"name":"\u0130tfaiyeci \u00c7izmesi 2"}]},{"@type":"WebSite","@id":"https:\/\/www.isgurun.com\/#website","url":"https:\/\/www.isgurun.com\/","name":"https:\/\/www.isgurun.com","description":"","publisher":{"@id":"https:\/\/www.isgurun.com\/#organization"},"potentialAction":[{"@type":"SearchAction","target":{"@type":"EntryPoint","urlTemplate":"https:\/\/www.isgurun.com\/?s={search_term_string}"},"query-input":{"@type":"PropertyValueSpecification","valueRequired":true,"valueName":"search_term_string"}}],"inLanguage":"tr"},{"@type":"Organization","@id":"https:\/\/www.isgurun.com\/#organization","name":"Kurulu\u015f \u0130\u015f Elbiseleri","alternateName":"K\u0130E","url":"https:\/\/www.isgurun.com\/","logo":{"@type":"ImageObject","inLanguage":"tr","@id":"https:\/\/www.isgurun.com\/#\/schema\/logo\/image\/","url":"http:\/\/www.isgurun.com\/wp-content\/uploads\/2025\/01\/cropped-Artboard-1-5.png","contentUrl":"http:\/\/www.isgurun.com\/wp-content\/uploads\/2025\/01\/cropped-Artboard-1-5.png","width":783,"height":636,"caption":"Kurulu\u015f \u0130\u015f Elbiseleri"},"image":{"@id":"https:\/\/www.isgurun.com\/#\/schema\/logo\/image\/"}}]}},"_links":{"self":[{"href":"http:\/\/www.isgurun.com\/index.php\/wp-json\/wp\/v2\/product\/16808","targetHints":{"allow":["GET"]}}],"collection":[{"href":"http:\/\/www.isgurun.com\/index.php\/wp-json\/wp\/v2\/product"}],"about":[{"href":"http:\/\/www.isgurun.com\/index.php\/wp-json\/wp\/v2\/types\/product"}],"version-history":[{"count":1,"href":"http:\/\/www.isgurun.com\/index.php\/wp-json\/wp\/v2\/product\/16808\/revisions"}],"predecessor-version":[{"id":16887,"href":"http:\/\/www.isgurun.com\/index.php\/wp-json\/wp\/v2\/product\/16808\/revisions\/16887"}],"wp:featuredmedia":[{"embeddable":true,"href":"http:\/\/www.isgurun.com\/index.php\/wp-json\/wp\/v2\/media\/15978"}],"wp:attachment":[{"href":"http:\/\/www.isgurun.com\/index.php\/wp-json\/wp\/v2\/media?parent=16808"}],"wp:term":[{"taxonomy":"product_brand","embeddable":true,"href":"http:\/\/www.isgurun.com\/index.php\/wp-json\/wp\/v2\/product_brand?post=16808"},{"taxonomy":"product_cat","embeddable":true,"href":"http:\/\/www.isgurun.com\/index.php\/wp-json\/wp\/v2\/product_cat?post=16808"},{"taxonomy":"product_tag","embeddable":true,"href":"http:\/\/www.isgurun.com\/index.php\/wp-json\/wp\/v2\/product_tag?post=16808"}],"curies":[{"name":"wp","href":"https:\/\/api.w.org\/{rel}","templated":true}]}}