{"id":17460,"date":"2023-10-23T09:44:31","date_gmt":"2023-10-23T09:44:31","guid":{"rendered":"http:\/\/www.isgurun.com\/?post_type=product&#038;p=17460"},"modified":"2025-02-04T18:13:53","modified_gmt":"2025-02-04T18:13:53","slug":"is-t-shirt-amerikan-lacoste","status":"publish","type":"product","link":"http:\/\/www.isgurun.com\/index.php\/product\/is-t-shirt-amerikan-lacoste\/","title":{"rendered":"\u0130s T-Shirt Amerikan Lacoste"},"content":{"rendered":"<p>\u00d6zel Amerikan Lacoste Kuma\u015f \u0130le \u00dcretilmektedir. Daha Fazla Detay ve Renk Se\u00e7enekleri ile ilgili iertibata ge\u00e7iniz. Bask\u0131l\u0131 ev Bask\u0131s\u0131z Olarak \u00dcretilmektedir.<\/p>\n","protected":false},"excerpt":{"rendered":"<p>\u00d6zel Amerikan Lacoste Kuma\u015f \u0130le \u00dcretilmektedir. Daha Fazla Detay ve Renk Se\u00e7enekleri ile ilgili iertibata ge\u00e7iniz. Bask\u0131l\u0131 ev Bask\u0131s\u0131z Olarak \u00dcretilmektedir.<\/p>\n","protected":false},"featured_media":17462,"template":"","meta":[],"product_brand":[],"product_cat":[100,33],"product_tag":[],"class_list":{"0":"post-17460","1":"product","2":"type-product","3":"status-publish","4":"has-post-thumbnail","6":"product_cat-polo-yaka","7":"product_cat-t-shirt","9":"first","10":"instock","11":"shipping-taxable","12":"product-type-simple"},"yoast_head":"<!-- This site is optimized with the Yoast SEO plugin v26.0 - https:\/\/yoast.com\/wordpress\/plugins\/seo\/ -->\n<title>\u0130s T-Shirt Amerikan Lacoste -<\/title>\n<meta name=\"robots\" content=\"index, follow, max-snippet:-1, max-image-preview:large, max-video-preview:-1\" \/>\n<link rel=\"canonical\" href=\"https:\/\/www.isgurun.com\/index.php\/product\/is-t-shirt-amerikan-lacoste\/\" \/>\n<meta property=\"og:locale\" content=\"tr_TR\" \/>\n<meta property=\"og:type\" content=\"article\" \/>\n<meta property=\"og:title\" content=\"\u0130s T-Shirt Amerikan Lacoste -\" \/>\n<meta property=\"og:description\" content=\"\u00d6zel Amerikan Lacoste Kuma\u015f \u0130le \u00dcretilmektedir. Daha Fazla Detay ve Renk Se\u00e7enekleri ile ilgili iertibata ge\u00e7iniz. Bask\u0131l\u0131 ev Bask\u0131s\u0131z Olarak \u00dcretilmektedir.\" \/>\n<meta property=\"og:url\" content=\"https:\/\/www.isgurun.com\/index.php\/product\/is-t-shirt-amerikan-lacoste\/\" \/>\n<meta property=\"article:modified_time\" content=\"2025-02-04T18:13:53+00:00\" \/>\n<meta property=\"og:image\" content=\"https:\/\/www.isgurun.com\/wp-content\/uploads\/2023\/10\/00589d_e48bc8b6b84145078ad607086e3432fdmv2.webp\" \/>\n\t<meta property=\"og:image:width\" content=\"315\" \/>\n\t<meta property=\"og:image:height\" content=\"420\" \/>\n\t<meta property=\"og:image:type\" content=\"image\/webp\" \/>\n<meta name=\"twitter:card\" content=\"summary_large_image\" \/>\n<script type=\"application\/ld+json\" class=\"yoast-schema-graph\">{\"@context\":\"https:\/\/schema.org\",\"@graph\":[{\"@type\":\"WebPage\",\"@id\":\"https:\/\/www.isgurun.com\/index.php\/product\/is-t-shirt-amerikan-lacoste\/\",\"url\":\"https:\/\/www.isgurun.com\/index.php\/product\/is-t-shirt-amerikan-lacoste\/\",\"name\":\"\u0130s T-Shirt Amerikan Lacoste -\",\"isPartOf\":{\"@id\":\"https:\/\/www.isgurun.com\/#website\"},\"primaryImageOfPage\":{\"@id\":\"https:\/\/www.isgurun.com\/index.php\/product\/is-t-shirt-amerikan-lacoste\/#primaryimage\"},\"image\":{\"@id\":\"https:\/\/www.isgurun.com\/index.php\/product\/is-t-shirt-amerikan-lacoste\/#primaryimage\"},\"thumbnailUrl\":\"http:\/\/www.isgurun.com\/wp-content\/uploads\/2023\/10\/00589d_e48bc8b6b84145078ad607086e3432fdmv2.webp\",\"datePublished\":\"2023-10-23T09:44:31+00:00\",\"dateModified\":\"2025-02-04T18:13:53+00:00\",\"breadcrumb\":{\"@id\":\"https:\/\/www.isgurun.com\/index.php\/product\/is-t-shirt-amerikan-lacoste\/#breadcrumb\"},\"inLanguage\":\"tr\",\"potentialAction\":[{\"@type\":\"ReadAction\",\"target\":[\"https:\/\/www.isgurun.com\/index.php\/product\/is-t-shirt-amerikan-lacoste\/\"]}]},{\"@type\":\"ImageObject\",\"inLanguage\":\"tr\",\"@id\":\"https:\/\/www.isgurun.com\/index.php\/product\/is-t-shirt-amerikan-lacoste\/#primaryimage\",\"url\":\"http:\/\/www.isgurun.com\/wp-content\/uploads\/2023\/10\/00589d_e48bc8b6b84145078ad607086e3432fdmv2.webp\",\"contentUrl\":\"http:\/\/www.isgurun.com\/wp-content\/uploads\/2023\/10\/00589d_e48bc8b6b84145078ad607086e3432fdmv2.webp\",\"width\":315,\"height\":420},{\"@type\":\"BreadcrumbList\",\"@id\":\"https:\/\/www.isgurun.com\/index.php\/product\/is-t-shirt-amerikan-lacoste\/#breadcrumb\",\"itemListElement\":[{\"@type\":\"ListItem\",\"position\":1,\"name\":\"Anasayfa\",\"item\":\"https:\/\/www.isgurun.com\/\"},{\"@type\":\"ListItem\",\"position\":2,\"name\":\"Shop\",\"item\":\"http:\/\/www.isgurun.com\/index.php\/shop\/\"},{\"@type\":\"ListItem\",\"position\":3,\"name\":\"\u0130s T-Shirt Amerikan Lacoste\"}]},{\"@type\":\"WebSite\",\"@id\":\"https:\/\/www.isgurun.com\/#website\",\"url\":\"https:\/\/www.isgurun.com\/\",\"name\":\"https:\/\/www.isgurun.com\",\"description\":\"\",\"publisher\":{\"@id\":\"https:\/\/www.isgurun.com\/#organization\"},\"potentialAction\":[{\"@type\":\"SearchAction\",\"target\":{\"@type\":\"EntryPoint\",\"urlTemplate\":\"https:\/\/www.isgurun.com\/?s={search_term_string}\"},\"query-input\":{\"@type\":\"PropertyValueSpecification\",\"valueRequired\":true,\"valueName\":\"search_term_string\"}}],\"inLanguage\":\"tr\"},{\"@type\":\"Organization\",\"@id\":\"https:\/\/www.isgurun.com\/#organization\",\"name\":\"Kurulu\u015f \u0130\u015f Elbiseleri\",\"alternateName\":\"K\u0130E\",\"url\":\"https:\/\/www.isgurun.com\/\",\"logo\":{\"@type\":\"ImageObject\",\"inLanguage\":\"tr\",\"@id\":\"https:\/\/www.isgurun.com\/#\/schema\/logo\/image\/\",\"url\":\"http:\/\/www.isgurun.com\/wp-content\/uploads\/2025\/01\/cropped-Artboard-1-5.png\",\"contentUrl\":\"http:\/\/www.isgurun.com\/wp-content\/uploads\/2025\/01\/cropped-Artboard-1-5.png\",\"width\":783,\"height\":636,\"caption\":\"Kurulu\u015f \u0130\u015f Elbiseleri\"},\"image\":{\"@id\":\"https:\/\/www.isgurun.com\/#\/schema\/logo\/image\/\"}}]}<\/script>\n<!-- \/ Yoast SEO plugin. -->","yoast_head_json":{"title":"\u0130s T-Shirt Amerikan Lacoste -","robots":{"index":"index","follow":"follow","max-snippet":"max-snippet:-1","max-image-preview":"max-image-preview:large","max-video-preview":"max-video-preview:-1"},"canonical":"https:\/\/www.isgurun.com\/index.php\/product\/is-t-shirt-amerikan-lacoste\/","og_locale":"tr_TR","og_type":"article","og_title":"\u0130s T-Shirt Amerikan Lacoste -","og_description":"\u00d6zel Amerikan Lacoste Kuma\u015f \u0130le \u00dcretilmektedir. Daha Fazla Detay ve Renk Se\u00e7enekleri ile ilgili iertibata ge\u00e7iniz. Bask\u0131l\u0131 ev Bask\u0131s\u0131z Olarak \u00dcretilmektedir.","og_url":"https:\/\/www.isgurun.com\/index.php\/product\/is-t-shirt-amerikan-lacoste\/","article_modified_time":"2025-02-04T18:13:53+00:00","og_image":[{"width":315,"height":420,"url":"https:\/\/www.isgurun.com\/wp-content\/uploads\/2023\/10\/00589d_e48bc8b6b84145078ad607086e3432fdmv2.webp","type":"image\/webp"}],"twitter_card":"summary_large_image","schema":{"@context":"https:\/\/schema.org","@graph":[{"@type":"WebPage","@id":"https:\/\/www.isgurun.com\/index.php\/product\/is-t-shirt-amerikan-lacoste\/","url":"https:\/\/www.isgurun.com\/index.php\/product\/is-t-shirt-amerikan-lacoste\/","name":"\u0130s T-Shirt Amerikan Lacoste -","isPartOf":{"@id":"https:\/\/www.isgurun.com\/#website"},"primaryImageOfPage":{"@id":"https:\/\/www.isgurun.com\/index.php\/product\/is-t-shirt-amerikan-lacoste\/#primaryimage"},"image":{"@id":"https:\/\/www.isgurun.com\/index.php\/product\/is-t-shirt-amerikan-lacoste\/#primaryimage"},"thumbnailUrl":"http:\/\/www.isgurun.com\/wp-content\/uploads\/2023\/10\/00589d_e48bc8b6b84145078ad607086e3432fdmv2.webp","datePublished":"2023-10-23T09:44:31+00:00","dateModified":"2025-02-04T18:13:53+00:00","breadcrumb":{"@id":"https:\/\/www.isgurun.com\/index.php\/product\/is-t-shirt-amerikan-lacoste\/#breadcrumb"},"inLanguage":"tr","potentialAction":[{"@type":"ReadAction","target":["https:\/\/www.isgurun.com\/index.php\/product\/is-t-shirt-amerikan-lacoste\/"]}]},{"@type":"ImageObject","inLanguage":"tr","@id":"https:\/\/www.isgurun.com\/index.php\/product\/is-t-shirt-amerikan-lacoste\/#primaryimage","url":"http:\/\/www.isgurun.com\/wp-content\/uploads\/2023\/10\/00589d_e48bc8b6b84145078ad607086e3432fdmv2.webp","contentUrl":"http:\/\/www.isgurun.com\/wp-content\/uploads\/2023\/10\/00589d_e48bc8b6b84145078ad607086e3432fdmv2.webp","width":315,"height":420},{"@type":"BreadcrumbList","@id":"https:\/\/www.isgurun.com\/index.php\/product\/is-t-shirt-amerikan-lacoste\/#breadcrumb","itemListElement":[{"@type":"ListItem","position":1,"name":"Anasayfa","item":"https:\/\/www.isgurun.com\/"},{"@type":"ListItem","position":2,"name":"Shop","item":"http:\/\/www.isgurun.com\/index.php\/shop\/"},{"@type":"ListItem","position":3,"name":"\u0130s T-Shirt Amerikan Lacoste"}]},{"@type":"WebSite","@id":"https:\/\/www.isgurun.com\/#website","url":"https:\/\/www.isgurun.com\/","name":"https:\/\/www.isgurun.com","description":"","publisher":{"@id":"https:\/\/www.isgurun.com\/#organization"},"potentialAction":[{"@type":"SearchAction","target":{"@type":"EntryPoint","urlTemplate":"https:\/\/www.isgurun.com\/?s={search_term_string}"},"query-input":{"@type":"PropertyValueSpecification","valueRequired":true,"valueName":"search_term_string"}}],"inLanguage":"tr"},{"@type":"Organization","@id":"https:\/\/www.isgurun.com\/#organization","name":"Kurulu\u015f \u0130\u015f Elbiseleri","alternateName":"K\u0130E","url":"https:\/\/www.isgurun.com\/","logo":{"@type":"ImageObject","inLanguage":"tr","@id":"https:\/\/www.isgurun.com\/#\/schema\/logo\/image\/","url":"http:\/\/www.isgurun.com\/wp-content\/uploads\/2025\/01\/cropped-Artboard-1-5.png","contentUrl":"http:\/\/www.isgurun.com\/wp-content\/uploads\/2025\/01\/cropped-Artboard-1-5.png","width":783,"height":636,"caption":"Kurulu\u015f \u0130\u015f Elbiseleri"},"image":{"@id":"https:\/\/www.isgurun.com\/#\/schema\/logo\/image\/"}}]}},"_links":{"self":[{"href":"http:\/\/www.isgurun.com\/index.php\/wp-json\/wp\/v2\/product\/17460","targetHints":{"allow":["GET"]}}],"collection":[{"href":"http:\/\/www.isgurun.com\/index.php\/wp-json\/wp\/v2\/product"}],"about":[{"href":"http:\/\/www.isgurun.com\/index.php\/wp-json\/wp\/v2\/types\/product"}],"version-history":[{"count":1,"href":"http:\/\/www.isgurun.com\/index.php\/wp-json\/wp\/v2\/product\/17460\/revisions"}],"predecessor-version":[{"id":17463,"href":"http:\/\/www.isgurun.com\/index.php\/wp-json\/wp\/v2\/product\/17460\/revisions\/17463"}],"wp:featuredmedia":[{"embeddable":true,"href":"http:\/\/www.isgurun.com\/index.php\/wp-json\/wp\/v2\/media\/17462"}],"wp:attachment":[{"href":"http:\/\/www.isgurun.com\/index.php\/wp-json\/wp\/v2\/media?parent=17460"}],"wp:term":[{"taxonomy":"product_brand","embeddable":true,"href":"http:\/\/www.isgurun.com\/index.php\/wp-json\/wp\/v2\/product_brand?post=17460"},{"taxonomy":"product_cat","embeddable":true,"href":"http:\/\/www.isgurun.com\/index.php\/wp-json\/wp\/v2\/product_cat?post=17460"},{"taxonomy":"product_tag","embeddable":true,"href":"http:\/\/www.isgurun.com\/index.php\/wp-json\/wp\/v2\/product_tag?post=17460"}],"curies":[{"name":"wp","href":"https:\/\/api.w.org\/{rel}","templated":true}]}}