{"id":18978,"date":"2025-04-28T14:28:21","date_gmt":"2025-04-28T14:28:21","guid":{"rendered":"https:\/\/www.isgurun.com\/index.php\/product\/dyap-1501-s3-ayakkabi-siyah-yds-shop\/"},"modified":"2025-04-28T14:28:21","modified_gmt":"2025-04-28T14:28:21","slug":"dyap-1501-s3-ayakkabi-siyah-yds-shop","status":"publish","type":"product","link":"http:\/\/www.isgurun.com\/index.php\/product\/dyap-1501-s3-ayakkabi-siyah-yds-shop\/","title":{"rendered":"DYAP 1501 S3 AYAKKABI -S\u0130YAH | YDS Shop"},"content":{"rendered":"","protected":false},"excerpt":{"rendered":"<p>En kaliteli DYAP 1501 S3 AYAKKABI -S\u0130YAH \u00fcr\u00fcn\u00fcn\u00fc en uygun fiyatlarla YDS Shop ile almak i\u00e7in hemen t\u0131klay\u0131n!<\/p>\n","protected":false},"featured_media":18975,"template":"","meta":[],"product_brand":[],"product_cat":[50],"product_tag":[],"class_list":{"0":"post-18978","1":"product","2":"type-product","3":"status-publish","4":"has-post-thumbnail","6":"product_cat-is-ayakkabilari","8":"first","9":"instock","10":"shipping-taxable","11":"product-type-external"},"yoast_head":"<!-- This site is optimized with the Yoast SEO plugin v26.0 - https:\/\/yoast.com\/wordpress\/plugins\/seo\/ -->\n<title>DYAP 1501 S3 AYAKKABI -S\u0130YAH | YDS Shop -<\/title>\n<meta name=\"robots\" content=\"index, follow, max-snippet:-1, max-image-preview:large, max-video-preview:-1\" \/>\n<link rel=\"canonical\" href=\"http:\/\/www.isgurun.com\/index.php\/product\/dyap-1501-s3-ayakkabi-siyah-yds-shop\/\" \/>\n<meta property=\"og:locale\" content=\"tr_TR\" \/>\n<meta property=\"og:type\" content=\"article\" \/>\n<meta property=\"og:title\" content=\"DYAP 1501 S3 AYAKKABI -S\u0130YAH | YDS Shop -\" \/>\n<meta property=\"og:description\" content=\"En kaliteli DYAP 1501 S3 AYAKKABI -S\u0130YAH \u00fcr\u00fcn\u00fcn\u00fc en uygun fiyatlarla YDS Shop ile almak i\u00e7in hemen t\u0131klay\u0131n!\" \/>\n<meta property=\"og:url\" content=\"http:\/\/www.isgurun.com\/index.php\/product\/dyap-1501-s3-ayakkabi-siyah-yds-shop\/\" \/>\n<meta property=\"og:image\" content=\"http:\/\/www.isgurun.com\/wp-content\/uploads\/2025\/04\/dyap-1501-s3-ayakkabi-siyah-yds-shop.jpg\" \/>\n\t<meta property=\"og:image:width\" content=\"200\" \/>\n\t<meta property=\"og:image:height\" content=\"234\" \/>\n\t<meta property=\"og:image:type\" content=\"image\/jpeg\" \/>\n<meta name=\"twitter:card\" content=\"summary_large_image\" \/>\n<script type=\"application\/ld+json\" class=\"yoast-schema-graph\">{\"@context\":\"https:\/\/schema.org\",\"@graph\":[{\"@type\":\"WebPage\",\"@id\":\"http:\/\/www.isgurun.com\/index.php\/product\/dyap-1501-s3-ayakkabi-siyah-yds-shop\/\",\"url\":\"http:\/\/www.isgurun.com\/index.php\/product\/dyap-1501-s3-ayakkabi-siyah-yds-shop\/\",\"name\":\"DYAP 1501 S3 AYAKKABI -S\u0130YAH | YDS Shop -\",\"isPartOf\":{\"@id\":\"https:\/\/www.isgurun.com\/#website\"},\"primaryImageOfPage\":{\"@id\":\"http:\/\/www.isgurun.com\/index.php\/product\/dyap-1501-s3-ayakkabi-siyah-yds-shop\/#primaryimage\"},\"image\":{\"@id\":\"http:\/\/www.isgurun.com\/index.php\/product\/dyap-1501-s3-ayakkabi-siyah-yds-shop\/#primaryimage\"},\"thumbnailUrl\":\"http:\/\/www.isgurun.com\/wp-content\/uploads\/2025\/04\/dyap-1501-s3-ayakkabi-siyah-yds-shop.jpg\",\"datePublished\":\"2025-04-28T14:28:21+00:00\",\"breadcrumb\":{\"@id\":\"http:\/\/www.isgurun.com\/index.php\/product\/dyap-1501-s3-ayakkabi-siyah-yds-shop\/#breadcrumb\"},\"inLanguage\":\"tr\",\"potentialAction\":[{\"@type\":\"ReadAction\",\"target\":[\"http:\/\/www.isgurun.com\/index.php\/product\/dyap-1501-s3-ayakkabi-siyah-yds-shop\/\"]}]},{\"@type\":\"ImageObject\",\"inLanguage\":\"tr\",\"@id\":\"http:\/\/www.isgurun.com\/index.php\/product\/dyap-1501-s3-ayakkabi-siyah-yds-shop\/#primaryimage\",\"url\":\"http:\/\/www.isgurun.com\/wp-content\/uploads\/2025\/04\/dyap-1501-s3-ayakkabi-siyah-yds-shop.jpg\",\"contentUrl\":\"http:\/\/www.isgurun.com\/wp-content\/uploads\/2025\/04\/dyap-1501-s3-ayakkabi-siyah-yds-shop.jpg\",\"width\":200,\"height\":234,\"caption\":\"DYAP 1501 S3 AYAKKABI -S\u0130YAH | YDS Shop\"},{\"@type\":\"BreadcrumbList\",\"@id\":\"http:\/\/www.isgurun.com\/index.php\/product\/dyap-1501-s3-ayakkabi-siyah-yds-shop\/#breadcrumb\",\"itemListElement\":[{\"@type\":\"ListItem\",\"position\":1,\"name\":\"Anasayfa\",\"item\":\"https:\/\/www.isgurun.com\/\"},{\"@type\":\"ListItem\",\"position\":2,\"name\":\"Shop\",\"item\":\"http:\/\/www.isgurun.com\/index.php\/shop\/\"},{\"@type\":\"ListItem\",\"position\":3,\"name\":\"DYAP 1501 S3 AYAKKABI -S\u0130YAH | YDS Shop\"}]},{\"@type\":\"WebSite\",\"@id\":\"https:\/\/www.isgurun.com\/#website\",\"url\":\"https:\/\/www.isgurun.com\/\",\"name\":\"https:\/\/www.isgurun.com\",\"description\":\"\",\"publisher\":{\"@id\":\"https:\/\/www.isgurun.com\/#organization\"},\"potentialAction\":[{\"@type\":\"SearchAction\",\"target\":{\"@type\":\"EntryPoint\",\"urlTemplate\":\"https:\/\/www.isgurun.com\/?s={search_term_string}\"},\"query-input\":{\"@type\":\"PropertyValueSpecification\",\"valueRequired\":true,\"valueName\":\"search_term_string\"}}],\"inLanguage\":\"tr\"},{\"@type\":\"Organization\",\"@id\":\"https:\/\/www.isgurun.com\/#organization\",\"name\":\"Kurulu\u015f \u0130\u015f Elbiseleri\",\"alternateName\":\"K\u0130E\",\"url\":\"https:\/\/www.isgurun.com\/\",\"logo\":{\"@type\":\"ImageObject\",\"inLanguage\":\"tr\",\"@id\":\"https:\/\/www.isgurun.com\/#\/schema\/logo\/image\/\",\"url\":\"http:\/\/www.isgurun.com\/wp-content\/uploads\/2025\/01\/cropped-Artboard-1-5.png\",\"contentUrl\":\"http:\/\/www.isgurun.com\/wp-content\/uploads\/2025\/01\/cropped-Artboard-1-5.png\",\"width\":783,\"height\":636,\"caption\":\"Kurulu\u015f \u0130\u015f Elbiseleri\"},\"image\":{\"@id\":\"https:\/\/www.isgurun.com\/#\/schema\/logo\/image\/\"}}]}<\/script>\n<!-- \/ Yoast SEO plugin. -->","yoast_head_json":{"title":"DYAP 1501 S3 AYAKKABI -S\u0130YAH | YDS Shop -","robots":{"index":"index","follow":"follow","max-snippet":"max-snippet:-1","max-image-preview":"max-image-preview:large","max-video-preview":"max-video-preview:-1"},"canonical":"http:\/\/www.isgurun.com\/index.php\/product\/dyap-1501-s3-ayakkabi-siyah-yds-shop\/","og_locale":"tr_TR","og_type":"article","og_title":"DYAP 1501 S3 AYAKKABI -S\u0130YAH | YDS Shop -","og_description":"En kaliteli DYAP 1501 S3 AYAKKABI -S\u0130YAH \u00fcr\u00fcn\u00fcn\u00fc en uygun fiyatlarla YDS Shop ile almak i\u00e7in hemen t\u0131klay\u0131n!","og_url":"http:\/\/www.isgurun.com\/index.php\/product\/dyap-1501-s3-ayakkabi-siyah-yds-shop\/","og_image":[{"width":200,"height":234,"url":"http:\/\/www.isgurun.com\/wp-content\/uploads\/2025\/04\/dyap-1501-s3-ayakkabi-siyah-yds-shop.jpg","type":"image\/jpeg"}],"twitter_card":"summary_large_image","schema":{"@context":"https:\/\/schema.org","@graph":[{"@type":"WebPage","@id":"http:\/\/www.isgurun.com\/index.php\/product\/dyap-1501-s3-ayakkabi-siyah-yds-shop\/","url":"http:\/\/www.isgurun.com\/index.php\/product\/dyap-1501-s3-ayakkabi-siyah-yds-shop\/","name":"DYAP 1501 S3 AYAKKABI -S\u0130YAH | YDS Shop -","isPartOf":{"@id":"https:\/\/www.isgurun.com\/#website"},"primaryImageOfPage":{"@id":"http:\/\/www.isgurun.com\/index.php\/product\/dyap-1501-s3-ayakkabi-siyah-yds-shop\/#primaryimage"},"image":{"@id":"http:\/\/www.isgurun.com\/index.php\/product\/dyap-1501-s3-ayakkabi-siyah-yds-shop\/#primaryimage"},"thumbnailUrl":"http:\/\/www.isgurun.com\/wp-content\/uploads\/2025\/04\/dyap-1501-s3-ayakkabi-siyah-yds-shop.jpg","datePublished":"2025-04-28T14:28:21+00:00","breadcrumb":{"@id":"http:\/\/www.isgurun.com\/index.php\/product\/dyap-1501-s3-ayakkabi-siyah-yds-shop\/#breadcrumb"},"inLanguage":"tr","potentialAction":[{"@type":"ReadAction","target":["http:\/\/www.isgurun.com\/index.php\/product\/dyap-1501-s3-ayakkabi-siyah-yds-shop\/"]}]},{"@type":"ImageObject","inLanguage":"tr","@id":"http:\/\/www.isgurun.com\/index.php\/product\/dyap-1501-s3-ayakkabi-siyah-yds-shop\/#primaryimage","url":"http:\/\/www.isgurun.com\/wp-content\/uploads\/2025\/04\/dyap-1501-s3-ayakkabi-siyah-yds-shop.jpg","contentUrl":"http:\/\/www.isgurun.com\/wp-content\/uploads\/2025\/04\/dyap-1501-s3-ayakkabi-siyah-yds-shop.jpg","width":200,"height":234,"caption":"DYAP 1501 S3 AYAKKABI -S\u0130YAH | YDS Shop"},{"@type":"BreadcrumbList","@id":"http:\/\/www.isgurun.com\/index.php\/product\/dyap-1501-s3-ayakkabi-siyah-yds-shop\/#breadcrumb","itemListElement":[{"@type":"ListItem","position":1,"name":"Anasayfa","item":"https:\/\/www.isgurun.com\/"},{"@type":"ListItem","position":2,"name":"Shop","item":"http:\/\/www.isgurun.com\/index.php\/shop\/"},{"@type":"ListItem","position":3,"name":"DYAP 1501 S3 AYAKKABI -S\u0130YAH | YDS Shop"}]},{"@type":"WebSite","@id":"https:\/\/www.isgurun.com\/#website","url":"https:\/\/www.isgurun.com\/","name":"https:\/\/www.isgurun.com","description":"","publisher":{"@id":"https:\/\/www.isgurun.com\/#organization"},"potentialAction":[{"@type":"SearchAction","target":{"@type":"EntryPoint","urlTemplate":"https:\/\/www.isgurun.com\/?s={search_term_string}"},"query-input":{"@type":"PropertyValueSpecification","valueRequired":true,"valueName":"search_term_string"}}],"inLanguage":"tr"},{"@type":"Organization","@id":"https:\/\/www.isgurun.com\/#organization","name":"Kurulu\u015f \u0130\u015f Elbiseleri","alternateName":"K\u0130E","url":"https:\/\/www.isgurun.com\/","logo":{"@type":"ImageObject","inLanguage":"tr","@id":"https:\/\/www.isgurun.com\/#\/schema\/logo\/image\/","url":"http:\/\/www.isgurun.com\/wp-content\/uploads\/2025\/01\/cropped-Artboard-1-5.png","contentUrl":"http:\/\/www.isgurun.com\/wp-content\/uploads\/2025\/01\/cropped-Artboard-1-5.png","width":783,"height":636,"caption":"Kurulu\u015f \u0130\u015f Elbiseleri"},"image":{"@id":"https:\/\/www.isgurun.com\/#\/schema\/logo\/image\/"}}]}},"_links":{"self":[{"href":"http:\/\/www.isgurun.com\/index.php\/wp-json\/wp\/v2\/product\/18978","targetHints":{"allow":["GET"]}}],"collection":[{"href":"http:\/\/www.isgurun.com\/index.php\/wp-json\/wp\/v2\/product"}],"about":[{"href":"http:\/\/www.isgurun.com\/index.php\/wp-json\/wp\/v2\/types\/product"}],"version-history":[{"count":0,"href":"http:\/\/www.isgurun.com\/index.php\/wp-json\/wp\/v2\/product\/18978\/revisions"}],"wp:featuredmedia":[{"embeddable":true,"href":"http:\/\/www.isgurun.com\/index.php\/wp-json\/wp\/v2\/media\/18975"}],"wp:attachment":[{"href":"http:\/\/www.isgurun.com\/index.php\/wp-json\/wp\/v2\/media?parent=18978"}],"wp:term":[{"taxonomy":"product_brand","embeddable":true,"href":"http:\/\/www.isgurun.com\/index.php\/wp-json\/wp\/v2\/product_brand?post=18978"},{"taxonomy":"product_cat","embeddable":true,"href":"http:\/\/www.isgurun.com\/index.php\/wp-json\/wp\/v2\/product_cat?post=18978"},{"taxonomy":"product_tag","embeddable":true,"href":"http:\/\/www.isgurun.com\/index.php\/wp-json\/wp\/v2\/product_tag?post=18978"}],"curies":[{"name":"wp","href":"https:\/\/api.w.org\/{rel}","templated":true}]}}